{"id":2938,"date":"2026-07-23T11:30:40","date_gmt":"2026-07-23T17:30:40","guid":{"rendered":"https:\/\/cisne.mx\/?post_type=podcast&amp;p=2938"},"modified":"2026-07-23T11:30:40","modified_gmt":"2026-07-23T17:30:40","slug":"la-era-del-autodiagnostico-trastorno-real-o-contenido-viral-con-favio-alejo-ep-53","status":"publish","type":"podcast","link":"https:\/\/mentealcuadrado.com\/index.php\/podcast\/la-era-del-autodiagnostico-trastorno-real-o-contenido-viral-con-favio-alejo-ep-53\/","title":{"rendered":"La era del autodiagn\u00f3stico: \u00bftrastorno real o contenido viral? con Favio Alejo Ep. 53"},"content":{"rendered":"<p class=\"selectable-text copyable-text x15bjb6t x1n2onr6\"><span class=\"selectable-text copyable-text xkrh14z\">\u00bfBuscas s\u00edntomas en Google? \u00bfNo puedes dejar de leer noticias negativas? <\/span><span class=\"emoji x1rg5ohu x16dsc37 x1c3i2sq x19la9d6 x1fc57z9 xexx8yu x1ccui7m x18d9i69 x18pi947 x6ikm8r x10wlt62 x19co3pv x11tp94h xw4jnvo x1qx5ct2 xfibh0p xiy17q3 x1xsqp64\"><span class=\"\">\ud83d\udc40<\/span><\/span><span class=\"emoji x1rg5ohu x16dsc37 x1c3i2sq x19la9d6 x1fc57z9 xexx8yu x1ccui7m x18d9i69 x18pi947 x6ikm8r x10wlt62 x19co3pv x11tp94h xw4jnvo x1qx5ct2 xfibh0p xiy17q3 x1xsqp64\"><span class=\"\">\ud83d\udd0e<\/span><\/span><\/p>\n<p class=\"selectable-text copyable-text x15bjb6t x1n2onr6\"><span class=\"selectable-text copyable-text xkrh14z\">En este episodio de Mente al Cuadrado, el Dr. Edilberto Pe\u00f1a conversa con Favio Alejo sobre c\u00f3mo la sobreinformaci\u00f3n puede aumentar la ansiedad y mantener a nuestro cerebro en estado de alerta.<\/span><\/p>\n<p class=\"selectable-text copyable-text x15bjb6t x1n2onr6\"><span class=\"selectable-text copyable-text xkrh14z\">Hablamos de asimetr\u00eda hed\u00f3nica, autodiagn\u00f3sticos en redes sociales, monitoreo constante de la salud y estrategias para recuperar la calma.<\/span><\/p>\n<p class=\"selectable-text copyable-text x15bjb6t x1n2onr6\"><span class=\"emoji x1rg5ohu x16dsc37 x1c3i2sq x19la9d6 x1fc57z9 xexx8yu x1ccui7m x18d9i69 x18pi947 x6ikm8r x10wlt62 x19co3pv x11tp94h xw4jnvo x1qx5ct2 xfibh0p xiy17q3 x1xsqp64\"><span class=\"\">\ud83e\udde0<\/span><\/span><span class=\"selectable-text copyable-text xkrh14z\"> Si quieres entender mejor c\u00f3mo funciona tu cerebro en la era digital, este episodio es para ti.<\/span><\/p>\n","protected":false},"excerpt":{"rendered":"<p>\u00bfBuscas s\u00edntomas en Google? \u00bfNo puedes dejar de leer noticias negativas? \ud83d\udc40\ud83d\udd0e<br \/>\nEn este episodio de Mente al Cuadrado, el Dr. Edilberto Pe\u00f1a conversa con Favio Alejo sobre c\u00f3mo la sobreinformaci\u00f3n puede aumentar la ansiedad y mantener a nuestro cerebro en estado de alerta.<br \/>\nHablamos de asimetr\u00eda hed\u00f3nica, autodiagn\u00f3sticos en redes sociales, monitoreo constante de la salud y estrategias para recuperar la calma.<br \/>\n\ud83e\udde0 Si quieres entender mejor c\u00f3mo funciona tu cerebro en la era digital, este episodio es para ti.<\/p>\n","protected":false},"author":5,"featured_media":0,"menu_order":0,"comment_status":"open","ping_status":"closed","template":"","meta":{"_et_pb_use_builder":"","_et_pb_old_content":"","_et_gb_content_width":"","episode_type":"audio","audio_file":"https:\/\/mentealcuadrado.com\/wp-content\/uploads\/2026\/07\/M2-Pod-1-Bloque-2-Favio-Alejo-Master-1080p-24fps.mp3","podmotor_file_id":"","podmotor_episode_id":"","cover_image":"https:\/\/mentealcuadrado.com\/wp-content\/uploads\/2026\/07\/Favio-Alejo-scaled.png","cover_image_id":"2968","duration":"00:27:29","filesize":"51.39M","filesize_raw":"53886990","date_recorded":"2026-07-23 06:34:48","explicit":"","block":"","itunes_episode_number":"53","itunes_title":"La era del autodiagn\u00f3stico: \u00bftrastorno real o contenido viral? con Favio Alejo","itunes_season_number":"","itunes_episode_type":"full"},"tags":[94,20,95,96,10,97,98,7],"series":[14],"class_list":["post-2938","podcast","type-podcast","status-publish","hentry","tag-alerta","tag-ansiedad","tag-autodiagnostico","tag-calma","tag-cerebro","tag-estres","tag-hipocondria","tag-salud-mental","series-mente-al-cuadrado"],"episode_featured_image":false,"episode_player_image":"https:\/\/mentealcuadrado.com\/wp-content\/uploads\/2026\/07\/Favio-Alejo-scaled.png","download_link":"https:\/\/mentealcuadrado.com\/podcast-download\/2938\/la-era-del-autodiagnostico-trastorno-real-o-contenido-viral-con-favio-alejo-ep-53","player_link":"https:\/\/mentealcuadrado.com\/podcast-player\/2938\/la-era-del-autodiagnostico-trastorno-real-o-contenido-viral-con-favio-alejo-ep-53","audio_player":"<a class=\"wp-embedded-audio\" href=\"https:\/\/mentealcuadrado.com\/podcast-player\/2938\/la-era-del-autodiagnostico-trastorno-real-o-contenido-viral-con-favio-alejo-ep-53\">https:\/\/mentealcuadrado.com\/podcast-player\/2938\/la-era-del-autodiagnostico-trastorno-real-o-contenido-viral-con-favio-alejo-ep-53<\/a>","episode_data":{"playerMode":"dark","subscribeUrls":{"apple_podcasts":{"key":"apple_podcasts","url":"","label":"Apple Podcasts","class":"apple_podcasts","icon":"apple-podcasts.png"},"stitcher":{"key":"stitcher","url":"","label":"Stitcher","class":"stitcher","icon":"stitcher.png"},"google_podcasts":{"key":"google_podcasts","url":"","label":"Google Podcasts","class":"google_podcasts","icon":"google-podcasts.png"},"spotify":{"key":"spotify","url":"","label":"Spotify","class":"spotify","icon":"spotify.png"}},"rssFeedUrl":"https:\/\/mentealcuadrado.com\/feed\/podcast\/mente-al-cuadrado","embedCode":"<blockquote class=\"wp-embedded-content\" data-secret=\"s0DfLKi1Lm\"><a href=\"https:\/\/mentealcuadrado.com\/index.php\/podcast\/la-era-del-autodiagnostico-trastorno-real-o-contenido-viral-con-favio-alejo-ep-53\/\">La era del autodiagn\u00f3stico: \u00bftrastorno real o contenido viral? con Favio Alejo Ep. 53<\/a><\/blockquote><iframe sandbox=\"allow-scripts\" security=\"restricted\" src=\"https:\/\/mentealcuadrado.com\/index.php\/podcast\/la-era-del-autodiagnostico-trastorno-real-o-contenido-viral-con-favio-alejo-ep-53\/embed\/#?secret=s0DfLKi1Lm\" width=\"500\" height=\"350\" title=\"\u00abLa era del autodiagn\u00f3stico: \u00bftrastorno real o contenido viral? con Favio Alejo Ep. 53\u00bb \u2014 Mente al Cuadrado\" data-secret=\"s0DfLKi1Lm\" frameborder=\"0\" marginwidth=\"0\" marginheight=\"0\" scrolling=\"no\" class=\"wp-embedded-content\"><\/iframe><script>\n\/*! This file is auto-generated *\/\n!function(d,l){\"use strict\";l.querySelector&&d.addEventListener&&\"undefined\"!=typeof URL&&(d.wp=d.wp||{},d.wp.receiveEmbedMessage||(d.wp.receiveEmbedMessage=function(e){var t=e.data;if((t||t.secret||t.message||t.value)&&!\/[^a-zA-Z0-9]\/.test(t.secret)){for(var s,r,n,a=l.querySelectorAll('iframe[data-secret=\"'+t.secret+'\"]'),o=l.querySelectorAll('blockquote[data-secret=\"'+t.secret+'\"]'),c=new RegExp(\"^https?:$\",\"i\"),i=0;i<o.length;i++)o[i].style.display=\"none\";for(i=0;i<a.length;i++)s=a[i],e.source===s.contentWindow&&(s.removeAttribute(\"style\"),\"height\"===t.message?(1e3<(r=parseInt(t.value,10))?r=1e3:~~r<200&&(r=200),s.height=r):\"link\"===t.message&&(r=new URL(s.getAttribute(\"src\")),n=new URL(t.value),c.test(n.protocol))&&n.host===r.host&&l.activeElement===s&&(d.top.location.href=t.value))}},d.addEventListener(\"message\",d.wp.receiveEmbedMessage,!1),l.addEventListener(\"DOMContentLoaded\",function(){for(var e,t,s=l.querySelectorAll(\"iframe.wp-embedded-content\"),r=0;r<s.length;r++)(t=(e=s[r]).getAttribute(\"data-secret\"))||(t=Math.random().toString(36).substring(2,12),e.src+=\"#?secret=\"+t,e.setAttribute(\"data-secret\",t)),e.contentWindow.postMessage({message:\"ready\",secret:t},\"*\")},!1)))}(window,document);\n\/\/# sourceURL=https:\/\/mentealcuadrado.com\/wp-includes\/js\/wp-embed.min.js\n<\/script>\n"},"_links":{"self":[{"href":"https:\/\/mentealcuadrado.com\/index.php\/wp-json\/wp\/v2\/podcast\/2938","targetHints":{"allow":["GET"]}}],"collection":[{"href":"https:\/\/mentealcuadrado.com\/index.php\/wp-json\/wp\/v2\/podcast"}],"about":[{"href":"https:\/\/mentealcuadrado.com\/index.php\/wp-json\/wp\/v2\/types\/podcast"}],"author":[{"embeddable":true,"href":"https:\/\/mentealcuadrado.com\/index.php\/wp-json\/wp\/v2\/users\/5"}],"replies":[{"embeddable":true,"href":"https:\/\/mentealcuadrado.com\/index.php\/wp-json\/wp\/v2\/comments?post=2938"}],"wp:attachment":[{"href":"https:\/\/mentealcuadrado.com\/index.php\/wp-json\/wp\/v2\/media?parent=2938"}],"wp:term":[{"taxonomy":"post_tag","embeddable":true,"href":"https:\/\/mentealcuadrado.com\/index.php\/wp-json\/wp\/v2\/tags?post=2938"},{"taxonomy":"series","embeddable":true,"href":"https:\/\/mentealcuadrado.com\/index.php\/wp-json\/wp\/v2\/series?post=2938"}],"curies":[{"name":"wp","href":"https:\/\/api.w.org\/{rel}","templated":true}]}}

La era del autodiagnóstico: ¿trastorno real o contenido viral? con Favio Alejo Ep. 53

<p class="selectable-text copyable-text x15bjb6t x1n2onr6"><span class="selectable-text copyable-text xkrh14z">¿Buscas síntomas en Google? ¿No puedes dejar de leer noticias negativas? </span><span class="emoji x1rg5ohu x16dsc37 x1c3i2sq x19la9d6 x1fc57z9 xexx8yu x1ccui7m x18d9i69 x18pi947 x6ikm8r x10wlt62 x19co3pv x11tp94h xw4jnvo x1qx5ct2 xfibh0p xiy17q3 x1xsqp64"><span class="">👀</span></span><span class="emoji x1rg5ohu x16dsc37 x1c3i2sq x19la9d6 x1fc57z9 xexx8yu x1ccui7m x18d9i69 x18pi947 x6ikm8r x10wlt62 x19co3pv x11tp94h xw4jnvo x1qx5ct2 xfibh0p xiy17q3 x1xsqp64"><span class="">🔎</span></span></p>
<p class="selectable-text copyable-text x15bjb6t x1n2onr6"><span class="selectable-text copyable-text xkrh14z">En este episodio de Mente al Cuadrado, el Dr. Edilberto Peña conversa con Favio Alejo sobre cómo la sobreinformación puede aumentar la ansiedad y mantener a nuestro cerebro en estado de alerta.</span></p>
<p class="selectable-text copyable-text x15bjb6t x1n2onr6"><span class="selectable-text copyable-text xkrh14z">Hablamos de asimetría hedónica, autodiagnósticos en redes sociales, monitoreo constante de la salud y estrategias para recuperar la calma.</span></p>
<p class="selectable-text copyable-text x15bjb6t x1n2onr6"><span class="emoji x1rg5ohu x16dsc37 x1c3i2sq x19la9d6 x1fc57z9 xexx8yu x1ccui7m x18d9i69 x18pi947 x6ikm8r x10wlt62 x19co3pv x11tp94h xw4jnvo x1qx5ct2 xfibh0p xiy17q3 x1xsqp64"><span class="">🧠</span></span><span class="selectable-text copyable-text xkrh14z"> Si quieres entender mejor cómo funciona tu cerebro en la era digital, este episodio es para ti.</span></p>

<p>¿Buscas síntomas en Google? ¿No puedes dejar de leer noticias negativas? 👀🔎<br />
En este episodio de Mente al Cuadrado, el Dr. Edilberto Peña conversa con Favio Alejo sobre cómo la sobreinformación puede aumentar la ansiedad y mantener a nuestro cerebro en estado de alerta.<br />
Hablamos de asimetría hedónica, autodiagnósticos en redes sociales, monitoreo constante de la salud y estrategias para recuperar la calma.<br />
🧠 Si quieres entender mejor cómo funciona tu cerebro en la era digital, este episodio es para ti.</p>

La era del autodiagnóstico: ¿trastorno real o contenido viral? con Favio Alejo

<blockquote class="wp-embedded-content" data-secret="s0DfLKi1Lm"><a href="https://mentealcuadrado.com/index.php/podcast/la-era-del-autodiagnostico-trastorno-real-o-contenido-viral-con-favio-alejo-ep-53/">La era del autodiagnóstico: ¿trastorno real o contenido viral? con Favio Alejo Ep. 53</a></blockquote><iframe sandbox="allow-scripts" security="restricted" src="https://mentealcuadrado.com/index.php/podcast/la-era-del-autodiagnostico-trastorno-real-o-contenido-viral-con-favio-alejo-ep-53/embed/#?secret=s0DfLKi1Lm" width="500" height="350" title="«La era del autodiagnóstico: ¿trastorno real o contenido viral? con Favio Alejo Ep. 53» — Mente al Cuadrado" data-secret="s0DfLKi1Lm" frameborder="0" marginwidth="0" marginheight="0" scrolling="no" class="wp-embedded-content"></iframe><script>
/*! This file is auto-generated */
!function(d,l){"use strict";l.querySelector&&d.addEventListener&&"undefined"!=typeof URL&&(d.wp=d.wp||{},d.wp.receiveEmbedMessage||(d.wp.receiveEmbedMessage=function(e){var t=e.data;if((t||t.secret||t.message||t.value)&&!/[^a-zA-Z0-9]/.test(t.secret)){for(var s,r,n,a=l.querySelectorAll('iframe[data-secret="'+t.secret+'"]'),o=l.querySelectorAll('blockquote[data-secret="'+t.secret+'"]'),c=new RegExp("^https?:$","i"),i=0;i<o.length;i++)o[i].style.display="none";for(i=0;i<a.length;i++)s=a[i],e.source===s.contentWindow&&(s.removeAttribute("style"),"height"===t.message?(1e3<(r=parseInt(t.value,10))?r=1e3:~~r<200&&(r=200),s.height=r):"link"===t.message&&(r=new URL(s.getAttribute("src")),n=new URL(t.value),c.test(n.protocol))&&n.host===r.host&&l.activeElement===s&&(d.top.location.href=t.value))}},d.addEventListener("message",d.wp.receiveEmbedMessage,!1),l.addEventListener("DOMContentLoaded",function(){for(var e,t,s=l.querySelectorAll("iframe.wp-embedded-content"),r=0;r<s.length;r++)(t=(e=s[r]).getAttribute("data-secret"))||(t=Math.random().toString(36).substring(2,12),e.src+="#?secret="+t,e.setAttribute("data-secret",t)),e.contentWindow.postMessage({message:"ready",secret:t},"*")},!1)))}(window,document);
//# sourceURL=https://mentealcuadrado.com/wp-includes/js/wp-embed.min.js
</script>
