{"id":2934,"date":"2026-07-09T11:10:40","date_gmt":"2026-07-09T17:10:40","guid":{"rendered":"https:\/\/cisne.mx\/?post_type=podcast&amp;p=2934"},"modified":"2026-07-09T11:10:40","modified_gmt":"2026-07-09T17:10:40","slug":"vacaciones-por-que-nos-cuesta-tanto-descansar-con-jorge-garay-ep-52","status":"publish","type":"podcast","link":"https:\/\/mentealcuadrado.com\/index.php\/podcast\/vacaciones-por-que-nos-cuesta-tanto-descansar-con-jorge-garay-ep-52\/","title":{"rendered":"Vacaciones: \u00bfpor qu\u00e9 nos cuesta tanto descansar? con Jorge Garay Ep. 52"},"content":{"rendered":"<p>\u00bfPor qu\u00e9 nos cuesta tanto descansar?<\/p>\n<p>En este episodio de Mente al Cuadrado, el Dr. Edilberto Pe\u00f1a conversa con Jorge Garay sobre una realidad cada vez m\u00e1s com\u00fan: el descanso imposible. \u00bfPor qu\u00e9 nos cuesta tanto desconectarnos? \u00bfQu\u00e9 pasa en nuestro cerebro cuando intentamos frenar de golpe despu\u00e9s de semanas de estr\u00e9s?<\/p>\n<p>Hablamos de burnout, hiperconectividad, redes sociales y de c\u00f3mo aprender a desacelerar para recuperar un descanso verdaderamente reparador.<\/p>\n<p>Si alguna vez has sentido culpa por no hacer nada o has vuelto m\u00e1s cansado de tus vacaciones, este episodio es para ti.<\/p>\n<p>\ud83e\udde0 Dale play y sigue entrenando bonito a tu cerebro.<\/p>\n","protected":false},"excerpt":{"rendered":"<p>\u00bfPor qu\u00e9 nos cuesta tanto descansar?<\/p>\n<p>En este episodio de Mente al Cuadrado, el Dr. Edilberto Pe\u00f1a conversa con Jorge Garay sobre una realidad cada vez m\u00e1s com\u00fan: el descanso imposible. \u00bfPor qu\u00e9 nos cuesta tanto desconectarnos? \u00bfQu\u00e9 pasa en nuestro cerebro cuando intentamos frenar de golpe despu\u00e9s de semanas de estr\u00e9s?<\/p>\n<p>Hablamos de burnout, hiperconectividad, redes sociales y de c\u00f3mo aprender a desacelerar para recuperar un descanso verdaderamente reparador.<\/p>\n<p>Si alguna vez has sentido culpa por no hacer nada o has vuelto m\u00e1s cansado de tus vacaciones, este episodio es para ti.<\/p>\n<p>\ud83e\udde0 Dale play y sigue entrenando bonito a tu cerebro.<\/p>\n","protected":false},"author":5,"featured_media":0,"menu_order":0,"comment_status":"open","ping_status":"closed","template":"","meta":{"_et_pb_use_builder":"","_et_pb_old_content":"","_et_gb_content_width":"","episode_type":"audio","audio_file":"https:\/\/mentealcuadrado.com\/wp-content\/uploads\/2026\/07\/M2-Pod-3-Jorge-Garay-Master-1080p-24fps.mp3","podmotor_file_id":"","podmotor_episode_id":"","cover_image":"https:\/\/mentealcuadrado.com\/wp-content\/uploads\/2026\/07\/Jorge-Garay-scaled.png","cover_image_id":"2969","duration":"00:30:38","filesize":"57.26M","filesize_raw":"60036681","date_recorded":"2026-07-09 10:53:29","explicit":"","block":"","itunes_episode_number":"52","itunes_title":"Vacaciones: \u00bfpor qu\u00e9 nos cuesta tanto descansar? con Jorge Garay","itunes_season_number":"","itunes_episode_type":"full"},"tags":[6,91,92,7,93],"series":[14],"class_list":["post-2934","podcast","type-podcast","status-publish","hentry","tag-burnout","tag-descanso","tag-hiperconectividad","tag-salud-mental","tag-vacaciones","series-mente-al-cuadrado"],"episode_featured_image":false,"episode_player_image":"https:\/\/mentealcuadrado.com\/wp-content\/uploads\/2026\/07\/Jorge-Garay-scaled.png","download_link":"https:\/\/mentealcuadrado.com\/podcast-download\/2934\/vacaciones-por-que-nos-cuesta-tanto-descansar-con-jorge-garay-ep-52","player_link":"https:\/\/mentealcuadrado.com\/podcast-player\/2934\/vacaciones-por-que-nos-cuesta-tanto-descansar-con-jorge-garay-ep-52","audio_player":"<a class=\"wp-embedded-audio\" href=\"https:\/\/mentealcuadrado.com\/podcast-player\/2934\/vacaciones-por-que-nos-cuesta-tanto-descansar-con-jorge-garay-ep-52\">https:\/\/mentealcuadrado.com\/podcast-player\/2934\/vacaciones-por-que-nos-cuesta-tanto-descansar-con-jorge-garay-ep-52<\/a>","episode_data":{"playerMode":"dark","subscribeUrls":{"apple_podcasts":{"key":"apple_podcasts","url":"","label":"Apple Podcasts","class":"apple_podcasts","icon":"apple-podcasts.png"},"stitcher":{"key":"stitcher","url":"","label":"Stitcher","class":"stitcher","icon":"stitcher.png"},"google_podcasts":{"key":"google_podcasts","url":"","label":"Google Podcasts","class":"google_podcasts","icon":"google-podcasts.png"},"spotify":{"key":"spotify","url":"","label":"Spotify","class":"spotify","icon":"spotify.png"}},"rssFeedUrl":"https:\/\/mentealcuadrado.com\/feed\/podcast\/mente-al-cuadrado","embedCode":"<blockquote class=\"wp-embedded-content\" data-secret=\"sjEK1jZDTS\"><a href=\"https:\/\/mentealcuadrado.com\/index.php\/podcast\/vacaciones-por-que-nos-cuesta-tanto-descansar-con-jorge-garay-ep-52\/\">Vacaciones: \u00bfpor qu\u00e9 nos cuesta tanto descansar? con Jorge Garay Ep. 52<\/a><\/blockquote><iframe sandbox=\"allow-scripts\" security=\"restricted\" src=\"https:\/\/mentealcuadrado.com\/index.php\/podcast\/vacaciones-por-que-nos-cuesta-tanto-descansar-con-jorge-garay-ep-52\/embed\/#?secret=sjEK1jZDTS\" width=\"500\" height=\"350\" title=\"\u00abVacaciones: \u00bfpor qu\u00e9 nos cuesta tanto descansar? con Jorge Garay Ep. 52\u00bb \u2014 Mente al Cuadrado\" data-secret=\"sjEK1jZDTS\" frameborder=\"0\" marginwidth=\"0\" marginheight=\"0\" scrolling=\"no\" class=\"wp-embedded-content\"><\/iframe><script>\n\/*! This file is auto-generated *\/\n!function(d,l){\"use strict\";l.querySelector&&d.addEventListener&&\"undefined\"!=typeof URL&&(d.wp=d.wp||{},d.wp.receiveEmbedMessage||(d.wp.receiveEmbedMessage=function(e){var t=e.data;if((t||t.secret||t.message||t.value)&&!\/[^a-zA-Z0-9]\/.test(t.secret)){for(var s,r,n,a=l.querySelectorAll('iframe[data-secret=\"'+t.secret+'\"]'),o=l.querySelectorAll('blockquote[data-secret=\"'+t.secret+'\"]'),c=new RegExp(\"^https?:$\",\"i\"),i=0;i<o.length;i++)o[i].style.display=\"none\";for(i=0;i<a.length;i++)s=a[i],e.source===s.contentWindow&&(s.removeAttribute(\"style\"),\"height\"===t.message?(1e3<(r=parseInt(t.value,10))?r=1e3:~~r<200&&(r=200),s.height=r):\"link\"===t.message&&(r=new URL(s.getAttribute(\"src\")),n=new URL(t.value),c.test(n.protocol))&&n.host===r.host&&l.activeElement===s&&(d.top.location.href=t.value))}},d.addEventListener(\"message\",d.wp.receiveEmbedMessage,!1),l.addEventListener(\"DOMContentLoaded\",function(){for(var e,t,s=l.querySelectorAll(\"iframe.wp-embedded-content\"),r=0;r<s.length;r++)(t=(e=s[r]).getAttribute(\"data-secret\"))||(t=Math.random().toString(36).substring(2,12),e.src+=\"#?secret=\"+t,e.setAttribute(\"data-secret\",t)),e.contentWindow.postMessage({message:\"ready\",secret:t},\"*\")},!1)))}(window,document);\n\/\/# sourceURL=https:\/\/mentealcuadrado.com\/wp-includes\/js\/wp-embed.min.js\n<\/script>\n"},"_links":{"self":[{"href":"https:\/\/mentealcuadrado.com\/index.php\/wp-json\/wp\/v2\/podcast\/2934","targetHints":{"allow":["GET"]}}],"collection":[{"href":"https:\/\/mentealcuadrado.com\/index.php\/wp-json\/wp\/v2\/podcast"}],"about":[{"href":"https:\/\/mentealcuadrado.com\/index.php\/wp-json\/wp\/v2\/types\/podcast"}],"author":[{"embeddable":true,"href":"https:\/\/mentealcuadrado.com\/index.php\/wp-json\/wp\/v2\/users\/5"}],"replies":[{"embeddable":true,"href":"https:\/\/mentealcuadrado.com\/index.php\/wp-json\/wp\/v2\/comments?post=2934"}],"wp:attachment":[{"href":"https:\/\/mentealcuadrado.com\/index.php\/wp-json\/wp\/v2\/media?parent=2934"}],"wp:term":[{"taxonomy":"post_tag","embeddable":true,"href":"https:\/\/mentealcuadrado.com\/index.php\/wp-json\/wp\/v2\/tags?post=2934"},{"taxonomy":"series","embeddable":true,"href":"https:\/\/mentealcuadrado.com\/index.php\/wp-json\/wp\/v2\/series?post=2934"}],"curies":[{"name":"wp","href":"https:\/\/api.w.org\/{rel}","templated":true}]}}

Vacaciones: ¿por qué nos cuesta tanto descansar? con Jorge Garay Ep. 52

<p>¿Por qué nos cuesta tanto descansar?</p>
<p>En este episodio de Mente al Cuadrado, el Dr. Edilberto Peña conversa con Jorge Garay sobre una realidad cada vez más común: el descanso imposible. ¿Por qué nos cuesta tanto desconectarnos? ¿Qué pasa en nuestro cerebro cuando intentamos frenar de golpe después de semanas de estrés?</p>
<p>Hablamos de burnout, hiperconectividad, redes sociales y de cómo aprender a desacelerar para recuperar un descanso verdaderamente reparador.</p>
<p>Si alguna vez has sentido culpa por no hacer nada o has vuelto más cansado de tus vacaciones, este episodio es para ti.</p>
<p>🧠 Dale play y sigue entrenando bonito a tu cerebro.</p>

Vacaciones: ¿por qué nos cuesta tanto descansar? con Jorge Garay

<blockquote class="wp-embedded-content" data-secret="sjEK1jZDTS"><a href="https://mentealcuadrado.com/index.php/podcast/vacaciones-por-que-nos-cuesta-tanto-descansar-con-jorge-garay-ep-52/">Vacaciones: ¿por qué nos cuesta tanto descansar? con Jorge Garay Ep. 52</a></blockquote><iframe sandbox="allow-scripts" security="restricted" src="https://mentealcuadrado.com/index.php/podcast/vacaciones-por-que-nos-cuesta-tanto-descansar-con-jorge-garay-ep-52/embed/#?secret=sjEK1jZDTS" width="500" height="350" title="«Vacaciones: ¿por qué nos cuesta tanto descansar? con Jorge Garay Ep. 52» — Mente al Cuadrado" data-secret="sjEK1jZDTS" frameborder="0" marginwidth="0" marginheight="0" scrolling="no" class="wp-embedded-content"></iframe><script>
/*! This file is auto-generated */
!function(d,l){"use strict";l.querySelector&&d.addEventListener&&"undefined"!=typeof URL&&(d.wp=d.wp||{},d.wp.receiveEmbedMessage||(d.wp.receiveEmbedMessage=function(e){var t=e.data;if((t||t.secret||t.message||t.value)&&!/[^a-zA-Z0-9]/.test(t.secret)){for(var s,r,n,a=l.querySelectorAll('iframe[data-secret="'+t.secret+'"]'),o=l.querySelectorAll('blockquote[data-secret="'+t.secret+'"]'),c=new RegExp("^https?:$","i"),i=0;i<o.length;i++)o[i].style.display="none";for(i=0;i<a.length;i++)s=a[i],e.source===s.contentWindow&&(s.removeAttribute("style"),"height"===t.message?(1e3<(r=parseInt(t.value,10))?r=1e3:~~r<200&&(r=200),s.height=r):"link"===t.message&&(r=new URL(s.getAttribute("src")),n=new URL(t.value),c.test(n.protocol))&&n.host===r.host&&l.activeElement===s&&(d.top.location.href=t.value))}},d.addEventListener("message",d.wp.receiveEmbedMessage,!1),l.addEventListener("DOMContentLoaded",function(){for(var e,t,s=l.querySelectorAll("iframe.wp-embedded-content"),r=0;r<s.length;r++)(t=(e=s[r]).getAttribute("data-secret"))||(t=Math.random().toString(36).substring(2,12),e.src+="#?secret="+t,e.setAttribute("data-secret",t)),e.contentWindow.postMessage({message:"ready",secret:t},"*")},!1)))}(window,document);
//# sourceURL=https://mentealcuadrado.com/wp-includes/js/wp-embed.min.js
</script>
