{"id":2899,"date":"2026-05-14T12:16:43","date_gmt":"2026-05-14T18:16:43","guid":{"rendered":"https:\/\/cisne.mx\/?post_type=podcast&amp;p=2899"},"modified":"2026-05-14T12:16:43","modified_gmt":"2026-05-14T18:16:43","slug":"todo-es-culpa-de-mama-con-anamar-orihuela-ep-48","status":"publish","type":"podcast","link":"https:\/\/mentealcuadrado.com\/index.php\/podcast\/todo-es-culpa-de-mama-con-anamar-orihuela-ep-48\/","title":{"rendered":"Todo es culpa de mam\u00e1 con Anamar Orihuela Ep. 48"},"content":{"rendered":"<p>\u00bfCrees que todo es culpa de mam\u00e1? \ud83e\udd31\ud83d\udeab<\/p>\n<p>El Dr. Edilberto Pe\u00f1a y Anamar Orihuela revelan c\u00f3mo la herida materna define tu \u00e9xito, tus parejas y tu autoestima. Descubre por qu\u00e9 el mito de la \u00abmadre perfecta\u00bb es destructivo y c\u00f3mo identificar a las madres narcisistas. Aprende a sanar tu infancia, romper la culpa sist\u00e9mica y recuperar tu poder personal.<\/p>\n<p>\u00a1Dale play a este episodio de M2 y entrena bonito! \ud83c\udf99\ufe0f\ud83e\udde0<\/p>\n","protected":false},"excerpt":{"rendered":"<p>\u00bfCrees que todo es culpa de mam\u00e1? \ud83e\udd31\ud83d\udeab<\/p>\n<p>El Dr. Edilberto Pe\u00f1a y Anamar Orihuela revelan c\u00f3mo la herida materna define tu \u00e9xito, tus parejas y tu autoestima. Descubre por qu\u00e9 el mito de la \u00abmadre perfecta\u00bb es destructivo y c\u00f3mo identificar a las madres narcisistas. Aprende a sanar tu infancia, romper la culpa sist\u00e9mica y recuperar tu poder personal. \u00a1Dale play a este episodio de M2 y entrena bonito! \ud83c\udf99\ufe0f\ud83e\udde0<\/p>\n","protected":false},"author":5,"featured_media":0,"menu_order":0,"comment_status":"open","ping_status":"closed","template":"","meta":{"_et_pb_use_builder":"","_et_pb_old_content":"","_et_gb_content_width":"","episode_type":"audio","audio_file":"https:\/\/mentealcuadrado.com\/wp-content\/uploads\/2026\/05\/Episodio-M2-Anamar-Orihuela.mp3","podmotor_file_id":"","podmotor_episode_id":"","cover_image":"https:\/\/mentealcuadrado.com\/wp-content\/uploads\/2026\/05\/Anamar-Orihuela-scaled.png","cover_image_id":"2973","duration":"00:32:06","filesize":"29.39M","filesize_raw":"30819209","date_recorded":"2026-05-14","explicit":"","block":"","itunes_episode_number":"48","itunes_title":"Todo es culpa de mam\u00e1 con Anamar Orihuela","itunes_season_number":"","itunes_episode_type":"full"},"tags":[77,78,79,80,81,7],"series":[14],"class_list":["post-2899","podcast","type-podcast","status-publish","hentry","tag-heridas-de-infancia","tag-madre","tag-mama","tag-mama-narcisista","tag-mommy-issues","tag-salud-mental","series-mente-al-cuadrado"],"episode_featured_image":false,"episode_player_image":"https:\/\/mentealcuadrado.com\/wp-content\/uploads\/2026\/05\/Anamar-Orihuela-scaled.png","download_link":"https:\/\/mentealcuadrado.com\/podcast-download\/2899\/todo-es-culpa-de-mama-con-anamar-orihuela-ep-48","player_link":"https:\/\/mentealcuadrado.com\/podcast-player\/2899\/todo-es-culpa-de-mama-con-anamar-orihuela-ep-48","audio_player":"<a class=\"wp-embedded-audio\" href=\"https:\/\/mentealcuadrado.com\/podcast-player\/2899\/todo-es-culpa-de-mama-con-anamar-orihuela-ep-48\">https:\/\/mentealcuadrado.com\/podcast-player\/2899\/todo-es-culpa-de-mama-con-anamar-orihuela-ep-48<\/a>","episode_data":{"playerMode":"dark","subscribeUrls":{"apple_podcasts":{"key":"apple_podcasts","url":"","label":"Apple Podcasts","class":"apple_podcasts","icon":"apple-podcasts.png"},"stitcher":{"key":"stitcher","url":"","label":"Stitcher","class":"stitcher","icon":"stitcher.png"},"google_podcasts":{"key":"google_podcasts","url":"","label":"Google Podcasts","class":"google_podcasts","icon":"google-podcasts.png"},"spotify":{"key":"spotify","url":"","label":"Spotify","class":"spotify","icon":"spotify.png"}},"rssFeedUrl":"https:\/\/mentealcuadrado.com\/feed\/podcast\/mente-al-cuadrado","embedCode":"<blockquote class=\"wp-embedded-content\" data-secret=\"CXwC9LgNWd\"><a href=\"https:\/\/mentealcuadrado.com\/index.php\/podcast\/todo-es-culpa-de-mama-con-anamar-orihuela-ep-48\/\">Todo es culpa de mam\u00e1 con Anamar Orihuela Ep. 48<\/a><\/blockquote><iframe sandbox=\"allow-scripts\" security=\"restricted\" src=\"https:\/\/mentealcuadrado.com\/index.php\/podcast\/todo-es-culpa-de-mama-con-anamar-orihuela-ep-48\/embed\/#?secret=CXwC9LgNWd\" width=\"500\" height=\"350\" title=\"\u00abTodo es culpa de mam\u00e1 con Anamar Orihuela Ep. 48\u00bb \u2014 Mente al Cuadrado\" data-secret=\"CXwC9LgNWd\" frameborder=\"0\" marginwidth=\"0\" marginheight=\"0\" scrolling=\"no\" class=\"wp-embedded-content\"><\/iframe><script>\n\/*! This file is auto-generated *\/\n!function(d,l){\"use strict\";l.querySelector&&d.addEventListener&&\"undefined\"!=typeof URL&&(d.wp=d.wp||{},d.wp.receiveEmbedMessage||(d.wp.receiveEmbedMessage=function(e){var t=e.data;if((t||t.secret||t.message||t.value)&&!\/[^a-zA-Z0-9]\/.test(t.secret)){for(var s,r,n,a=l.querySelectorAll('iframe[data-secret=\"'+t.secret+'\"]'),o=l.querySelectorAll('blockquote[data-secret=\"'+t.secret+'\"]'),c=new RegExp(\"^https?:$\",\"i\"),i=0;i<o.length;i++)o[i].style.display=\"none\";for(i=0;i<a.length;i++)s=a[i],e.source===s.contentWindow&&(s.removeAttribute(\"style\"),\"height\"===t.message?(1e3<(r=parseInt(t.value,10))?r=1e3:~~r<200&&(r=200),s.height=r):\"link\"===t.message&&(r=new URL(s.getAttribute(\"src\")),n=new URL(t.value),c.test(n.protocol))&&n.host===r.host&&l.activeElement===s&&(d.top.location.href=t.value))}},d.addEventListener(\"message\",d.wp.receiveEmbedMessage,!1),l.addEventListener(\"DOMContentLoaded\",function(){for(var e,t,s=l.querySelectorAll(\"iframe.wp-embedded-content\"),r=0;r<s.length;r++)(t=(e=s[r]).getAttribute(\"data-secret\"))||(t=Math.random().toString(36).substring(2,12),e.src+=\"#?secret=\"+t,e.setAttribute(\"data-secret\",t)),e.contentWindow.postMessage({message:\"ready\",secret:t},\"*\")},!1)))}(window,document);\n\/\/# sourceURL=https:\/\/mentealcuadrado.com\/wp-includes\/js\/wp-embed.min.js\n<\/script>\n"},"_links":{"self":[{"href":"https:\/\/mentealcuadrado.com\/index.php\/wp-json\/wp\/v2\/podcast\/2899","targetHints":{"allow":["GET"]}}],"collection":[{"href":"https:\/\/mentealcuadrado.com\/index.php\/wp-json\/wp\/v2\/podcast"}],"about":[{"href":"https:\/\/mentealcuadrado.com\/index.php\/wp-json\/wp\/v2\/types\/podcast"}],"author":[{"embeddable":true,"href":"https:\/\/mentealcuadrado.com\/index.php\/wp-json\/wp\/v2\/users\/5"}],"replies":[{"embeddable":true,"href":"https:\/\/mentealcuadrado.com\/index.php\/wp-json\/wp\/v2\/comments?post=2899"}],"wp:attachment":[{"href":"https:\/\/mentealcuadrado.com\/index.php\/wp-json\/wp\/v2\/media?parent=2899"}],"wp:term":[{"taxonomy":"post_tag","embeddable":true,"href":"https:\/\/mentealcuadrado.com\/index.php\/wp-json\/wp\/v2\/tags?post=2899"},{"taxonomy":"series","embeddable":true,"href":"https:\/\/mentealcuadrado.com\/index.php\/wp-json\/wp\/v2\/series?post=2899"}],"curies":[{"name":"wp","href":"https:\/\/api.w.org\/{rel}","templated":true}]}}

Todo es culpa de mamá con Anamar Orihuela Ep. 48

<p>¿Crees que todo es culpa de mamá? 🤱🚫</p>
<p>El Dr. Edilberto Peña y Anamar Orihuela revelan cómo la herida materna define tu éxito, tus parejas y tu autoestima. Descubre por qué el mito de la «madre perfecta» es destructivo y cómo identificar a las madres narcisistas. Aprende a sanar tu infancia, romper la culpa sistémica y recuperar tu poder personal.</p>
<p>¡Dale play a este episodio de M2 y entrena bonito! 🎙️🧠</p>

<p>¿Crees que todo es culpa de mamá? 🤱🚫</p>
<p>El Dr. Edilberto Peña y Anamar Orihuela revelan cómo la herida materna define tu éxito, tus parejas y tu autoestima. Descubre por qué el mito de la «madre perfecta» es destructivo y cómo identificar a las madres narcisistas. Aprende a sanar tu infancia, romper la culpa sistémica y recuperar tu poder personal. ¡Dale play a este episodio de M2 y entrena bonito! 🎙️🧠</p>

Todo es culpa de mamá con Anamar Orihuela

<blockquote class="wp-embedded-content" data-secret="CXwC9LgNWd"><a href="https://mentealcuadrado.com/index.php/podcast/todo-es-culpa-de-mama-con-anamar-orihuela-ep-48/">Todo es culpa de mamá con Anamar Orihuela Ep. 48</a></blockquote><iframe sandbox="allow-scripts" security="restricted" src="https://mentealcuadrado.com/index.php/podcast/todo-es-culpa-de-mama-con-anamar-orihuela-ep-48/embed/#?secret=CXwC9LgNWd" width="500" height="350" title="«Todo es culpa de mamá con Anamar Orihuela Ep. 48» — Mente al Cuadrado" data-secret="CXwC9LgNWd" frameborder="0" marginwidth="0" marginheight="0" scrolling="no" class="wp-embedded-content"></iframe><script>
/*! This file is auto-generated */
!function(d,l){"use strict";l.querySelector&&d.addEventListener&&"undefined"!=typeof URL&&(d.wp=d.wp||{},d.wp.receiveEmbedMessage||(d.wp.receiveEmbedMessage=function(e){var t=e.data;if((t||t.secret||t.message||t.value)&&!/[^a-zA-Z0-9]/.test(t.secret)){for(var s,r,n,a=l.querySelectorAll('iframe[data-secret="'+t.secret+'"]'),o=l.querySelectorAll('blockquote[data-secret="'+t.secret+'"]'),c=new RegExp("^https?:$","i"),i=0;i<o.length;i++)o[i].style.display="none";for(i=0;i<a.length;i++)s=a[i],e.source===s.contentWindow&&(s.removeAttribute("style"),"height"===t.message?(1e3<(r=parseInt(t.value,10))?r=1e3:~~r<200&&(r=200),s.height=r):"link"===t.message&&(r=new URL(s.getAttribute("src")),n=new URL(t.value),c.test(n.protocol))&&n.host===r.host&&l.activeElement===s&&(d.top.location.href=t.value))}},d.addEventListener("message",d.wp.receiveEmbedMessage,!1),l.addEventListener("DOMContentLoaded",function(){for(var e,t,s=l.querySelectorAll("iframe.wp-embedded-content"),r=0;r<s.length;r++)(t=(e=s[r]).getAttribute("data-secret"))||(t=Math.random().toString(36).substring(2,12),e.src+="#?secret="+t,e.setAttribute("data-secret",t)),e.contentWindow.postMessage({message:"ready",secret:t},"*")},!1)))}(window,document);
//# sourceURL=https://mentealcuadrado.com/wp-includes/js/wp-embed.min.js
</script>
