{"id":2839,"date":"2026-01-22T12:54:44","date_gmt":"2026-01-22T18:54:44","guid":{"rendered":"https:\/\/cisne.mx\/?post_type=podcast&amp;p=2839"},"modified":"2026-01-22T12:54:44","modified_gmt":"2026-01-22T18:54:44","slug":"la-paradoja-de-la-soledad-en-la-era-de-la-conexion-total-con-la-psicoterapeuta-sofia-ruiz-guas-episodio-42-de-mente-al-cuadrado","status":"publish","type":"podcast","link":"https:\/\/mentealcuadrado.com\/index.php\/podcast\/la-paradoja-de-la-soledad-en-la-era-de-la-conexion-total-con-la-psicoterapeuta-sofia-ruiz-guas-episodio-42-de-mente-al-cuadrado\/","title":{"rendered":"La Paradoja de la Soledad en la Era de la Conexi\u00f3n Total con la Psicoterapeuta Sof\u00eda Ruiz Guas \u2013 Episodio 42 de Mente al Cuadrado"},"content":{"rendered":"<p>\u00bfEs posible tener miles de seguidores y sentirse profundamente solo? \u00bfPor qu\u00e9, en la era de la hiperconexi\u00f3n digital, los \u00edndices de soledad y ansiedad siguen aumentando?<\/p>\n<p>En este episodio de Mente al Cuadrado, el Dr. Edilberto Pe\u00f1a conversa con Sofi Ruiz sobre la delgada l\u00ednea que separa la soledad que nos ayuda a recargar energ\u00eda de la \u00absoledad mala\u00bb que nos hace sentir enjaulados. Juntos, analizan c\u00f3mo el algoritmo de las redes sociales y la cultura de la comparaci\u00f3n est\u00e1n moldeando nuestra salud mental.<\/p>\n<p>\u00a1No olvides compartir este episodio con alguien que necesite escuchar este mensaje hoy! \ud83e\udde0\u2728<\/p>\n","protected":false},"excerpt":{"rendered":"<p>\u00bfEs posible tener miles de seguidores y sentirse profundamente solo? \u00bfPor qu\u00e9, en la era de la hiperconexi\u00f3n digital, los \u00edndices de soledad y ansiedad siguen aumentando?<\/p>\n<p>En este episodio de Mente al Cuadrado, el Dr. Edilberto Pe\u00f1a conversa con Sofi Ruiz sobre la delgada l\u00ednea que separa la soledad que nos ayuda a recargar energ\u00eda de la \u00absoledad mala\u00bb que nos hace sentir enjaulados. Juntos, analizan c\u00f3mo el algoritmo de las redes sociales y la cultura de la comparaci\u00f3n est\u00e1n moldeando nuestra salud mental.<\/p>\n<p>\u00a1No olvides compartir este episodio con alguien que necesite escuchar este mensaje hoy! \ud83e\udde0\u2728<\/p>\n","protected":false},"author":5,"featured_media":0,"menu_order":0,"comment_status":"open","ping_status":"closed","template":"","meta":{"_et_pb_use_builder":"","_et_pb_old_content":"","_et_gb_content_width":"","episode_type":"audio","audio_file":"https:\/\/mentealcuadrado.com\/wp-content\/uploads\/2026\/01\/Episodio-M2-Sofia-Ruiz.mp3","podmotor_file_id":"","podmotor_episode_id":"","cover_image":"","cover_image_id":"","duration":"29:20","filesize":"26.85M","filesize_raw":"28153097","date_recorded":"2026-01-21 17:40:01","explicit":"","block":"","itunes_episode_number":"","itunes_title":"La Paradoja de la Soledad en la Era de la Conexi\u00f3n Total","itunes_season_number":"2","itunes_episode_type":"full"},"tags":[],"series":[14],"class_list":["post-2839","podcast","type-podcast","status-publish","hentry","series-mente-al-cuadrado"],"episode_featured_image":false,"episode_player_image":"https:\/\/mentealcuadrado.com\/wp-content\/uploads\/2026\/08\/portada-podcast.jpg","download_link":"https:\/\/mentealcuadrado.com\/podcast-download\/2839\/la-paradoja-de-la-soledad-en-la-era-de-la-conexion-total-con-la-psicoterapeuta-sofia-ruiz-guas-episodio-42-de-mente-al-cuadrado","player_link":"https:\/\/mentealcuadrado.com\/podcast-player\/2839\/la-paradoja-de-la-soledad-en-la-era-de-la-conexion-total-con-la-psicoterapeuta-sofia-ruiz-guas-episodio-42-de-mente-al-cuadrado","audio_player":"<a class=\"wp-embedded-audio\" href=\"https:\/\/mentealcuadrado.com\/podcast-player\/2839\/la-paradoja-de-la-soledad-en-la-era-de-la-conexion-total-con-la-psicoterapeuta-sofia-ruiz-guas-episodio-42-de-mente-al-cuadrado\">https:\/\/mentealcuadrado.com\/podcast-player\/2839\/la-paradoja-de-la-soledad-en-la-era-de-la-conexion-total-con-la-psicoterapeuta-sofia-ruiz-guas-episodio-42-de-mente-al-cuadrado<\/a>","episode_data":{"playerMode":"dark","subscribeUrls":{"apple_podcasts":{"key":"apple_podcasts","url":"","label":"Apple Podcasts","class":"apple_podcasts","icon":"apple-podcasts.png"},"stitcher":{"key":"stitcher","url":"","label":"Stitcher","class":"stitcher","icon":"stitcher.png"},"google_podcasts":{"key":"google_podcasts","url":"","label":"Google Podcasts","class":"google_podcasts","icon":"google-podcasts.png"},"spotify":{"key":"spotify","url":"","label":"Spotify","class":"spotify","icon":"spotify.png"}},"rssFeedUrl":"https:\/\/mentealcuadrado.com\/feed\/podcast\/mente-al-cuadrado","embedCode":"<blockquote class=\"wp-embedded-content\" data-secret=\"bDd4Opa3NF\"><a href=\"https:\/\/mentealcuadrado.com\/index.php\/podcast\/la-paradoja-de-la-soledad-en-la-era-de-la-conexion-total-con-la-psicoterapeuta-sofia-ruiz-guas-episodio-42-de-mente-al-cuadrado\/\">La Paradoja de la Soledad en la Era de la Conexi\u00f3n Total con la Psicoterapeuta Sof\u00eda Ruiz Guas \u2013 Episodio 42 de Mente al Cuadrado<\/a><\/blockquote><iframe sandbox=\"allow-scripts\" security=\"restricted\" src=\"https:\/\/mentealcuadrado.com\/index.php\/podcast\/la-paradoja-de-la-soledad-en-la-era-de-la-conexion-total-con-la-psicoterapeuta-sofia-ruiz-guas-episodio-42-de-mente-al-cuadrado\/embed\/#?secret=bDd4Opa3NF\" width=\"500\" height=\"350\" title=\"\u00abLa Paradoja de la Soledad en la Era de la Conexi\u00f3n Total con la Psicoterapeuta Sof\u00eda Ruiz Guas \u2013 Episodio 42 de Mente al Cuadrado\u00bb \u2014 Mente al Cuadrado\" data-secret=\"bDd4Opa3NF\" frameborder=\"0\" marginwidth=\"0\" marginheight=\"0\" scrolling=\"no\" class=\"wp-embedded-content\"><\/iframe><script>\n\/*! This file is auto-generated *\/\n!function(d,l){\"use strict\";l.querySelector&&d.addEventListener&&\"undefined\"!=typeof URL&&(d.wp=d.wp||{},d.wp.receiveEmbedMessage||(d.wp.receiveEmbedMessage=function(e){var t=e.data;if((t||t.secret||t.message||t.value)&&!\/[^a-zA-Z0-9]\/.test(t.secret)){for(var s,r,n,a=l.querySelectorAll('iframe[data-secret=\"'+t.secret+'\"]'),o=l.querySelectorAll('blockquote[data-secret=\"'+t.secret+'\"]'),c=new RegExp(\"^https?:$\",\"i\"),i=0;i<o.length;i++)o[i].style.display=\"none\";for(i=0;i<a.length;i++)s=a[i],e.source===s.contentWindow&&(s.removeAttribute(\"style\"),\"height\"===t.message?(1e3<(r=parseInt(t.value,10))?r=1e3:~~r<200&&(r=200),s.height=r):\"link\"===t.message&&(r=new URL(s.getAttribute(\"src\")),n=new URL(t.value),c.test(n.protocol))&&n.host===r.host&&l.activeElement===s&&(d.top.location.href=t.value))}},d.addEventListener(\"message\",d.wp.receiveEmbedMessage,!1),l.addEventListener(\"DOMContentLoaded\",function(){for(var e,t,s=l.querySelectorAll(\"iframe.wp-embedded-content\"),r=0;r<s.length;r++)(t=(e=s[r]).getAttribute(\"data-secret\"))||(t=Math.random().toString(36).substring(2,12),e.src+=\"#?secret=\"+t,e.setAttribute(\"data-secret\",t)),e.contentWindow.postMessage({message:\"ready\",secret:t},\"*\")},!1)))}(window,document);\n\/\/# sourceURL=https:\/\/mentealcuadrado.com\/wp-includes\/js\/wp-embed.min.js\n<\/script>\n"},"_links":{"self":[{"href":"https:\/\/mentealcuadrado.com\/index.php\/wp-json\/wp\/v2\/podcast\/2839","targetHints":{"allow":["GET"]}}],"collection":[{"href":"https:\/\/mentealcuadrado.com\/index.php\/wp-json\/wp\/v2\/podcast"}],"about":[{"href":"https:\/\/mentealcuadrado.com\/index.php\/wp-json\/wp\/v2\/types\/podcast"}],"author":[{"embeddable":true,"href":"https:\/\/mentealcuadrado.com\/index.php\/wp-json\/wp\/v2\/users\/5"}],"replies":[{"embeddable":true,"href":"https:\/\/mentealcuadrado.com\/index.php\/wp-json\/wp\/v2\/comments?post=2839"}],"wp:attachment":[{"href":"https:\/\/mentealcuadrado.com\/index.php\/wp-json\/wp\/v2\/media?parent=2839"}],"wp:term":[{"taxonomy":"post_tag","embeddable":true,"href":"https:\/\/mentealcuadrado.com\/index.php\/wp-json\/wp\/v2\/tags?post=2839"},{"taxonomy":"series","embeddable":true,"href":"https:\/\/mentealcuadrado.com\/index.php\/wp-json\/wp\/v2\/series?post=2839"}],"curies":[{"name":"wp","href":"https:\/\/api.w.org\/{rel}","templated":true}]}}

La Paradoja de la Soledad en la Era de la Conexión Total con la Psicoterapeuta Sofía Ruiz Guas – Episodio 42 de Mente al Cuadrado

<p>¿Es posible tener miles de seguidores y sentirse profundamente solo? ¿Por qué, en la era de la hiperconexión digital, los índices de soledad y ansiedad siguen aumentando?</p>
<p>En este episodio de Mente al Cuadrado, el Dr. Edilberto Peña conversa con Sofi Ruiz sobre la delgada línea que separa la soledad que nos ayuda a recargar energía de la «soledad mala» que nos hace sentir enjaulados. Juntos, analizan cómo el algoritmo de las redes sociales y la cultura de la comparación están moldeando nuestra salud mental.</p>
<p>¡No olvides compartir este episodio con alguien que necesite escuchar este mensaje hoy! 🧠✨</p>

La Paradoja de la Soledad en la Era de la Conexión Total

<blockquote class="wp-embedded-content" data-secret="bDd4Opa3NF"><a href="https://mentealcuadrado.com/index.php/podcast/la-paradoja-de-la-soledad-en-la-era-de-la-conexion-total-con-la-psicoterapeuta-sofia-ruiz-guas-episodio-42-de-mente-al-cuadrado/">La Paradoja de la Soledad en la Era de la Conexión Total con la Psicoterapeuta Sofía Ruiz Guas – Episodio 42 de Mente al Cuadrado</a></blockquote><iframe sandbox="allow-scripts" security="restricted" src="https://mentealcuadrado.com/index.php/podcast/la-paradoja-de-la-soledad-en-la-era-de-la-conexion-total-con-la-psicoterapeuta-sofia-ruiz-guas-episodio-42-de-mente-al-cuadrado/embed/#?secret=bDd4Opa3NF" width="500" height="350" title="«La Paradoja de la Soledad en la Era de la Conexión Total con la Psicoterapeuta Sofía Ruiz Guas – Episodio 42 de Mente al Cuadrado» — Mente al Cuadrado" data-secret="bDd4Opa3NF" frameborder="0" marginwidth="0" marginheight="0" scrolling="no" class="wp-embedded-content"></iframe><script>
/*! This file is auto-generated */
!function(d,l){"use strict";l.querySelector&&d.addEventListener&&"undefined"!=typeof URL&&(d.wp=d.wp||{},d.wp.receiveEmbedMessage||(d.wp.receiveEmbedMessage=function(e){var t=e.data;if((t||t.secret||t.message||t.value)&&!/[^a-zA-Z0-9]/.test(t.secret)){for(var s,r,n,a=l.querySelectorAll('iframe[data-secret="'+t.secret+'"]'),o=l.querySelectorAll('blockquote[data-secret="'+t.secret+'"]'),c=new RegExp("^https?:$","i"),i=0;i<o.length;i++)o[i].style.display="none";for(i=0;i<a.length;i++)s=a[i],e.source===s.contentWindow&&(s.removeAttribute("style"),"height"===t.message?(1e3<(r=parseInt(t.value,10))?r=1e3:~~r<200&&(r=200),s.height=r):"link"===t.message&&(r=new URL(s.getAttribute("src")),n=new URL(t.value),c.test(n.protocol))&&n.host===r.host&&l.activeElement===s&&(d.top.location.href=t.value))}},d.addEventListener("message",d.wp.receiveEmbedMessage,!1),l.addEventListener("DOMContentLoaded",function(){for(var e,t,s=l.querySelectorAll("iframe.wp-embedded-content"),r=0;r<s.length;r++)(t=(e=s[r]).getAttribute("data-secret"))||(t=Math.random().toString(36).substring(2,12),e.src+="#?secret="+t,e.setAttribute("data-secret",t)),e.contentWindow.postMessage({message:"ready",secret:t},"*")},!1)))}(window,document);
//# sourceURL=https://mentealcuadrado.com/wp-includes/js/wp-embed.min.js
</script>
