{"id":2505,"date":"2025-08-07T17:56:13","date_gmt":"2025-08-07T17:56:13","guid":{"rendered":"https:\/\/cisne.mx\/?post_type=podcast&amp;p=2505"},"modified":"2025-08-07T17:56:13","modified_gmt":"2025-08-07T17:56:13","slug":"dermatologia-y-salud-mental-con-la-dra-monica-fernandez-sanchez-episodio-33","status":"publish","type":"podcast","link":"https:\/\/mentealcuadrado.com\/index.php\/podcast\/dermatologia-y-salud-mental-con-la-dra-monica-fernandez-sanchez-episodio-33\/","title":{"rendered":"Dermatolog\u00eda y salud mental con la Dra M\u00f3nica Fern\u00e1ndez S\u00e1nchez &#8211; Episodio 33"},"content":{"rendered":"<p>\u00bfEl estr\u00e9s puede causar acn\u00e9? \u00bfLa ansiedad puede detonar brotes de psoriasis o dermatitis? En este episodio, hablamos con la Dra. M\u00f3nica Fern\u00e1ndez S\u00e1nchez sobre c\u00f3mo las emociones y la salud mental se reflejan \u2014literalmente\u2014 en la piel. Descubre c\u00f3mo abordar los padecimientos dermatol\u00f3gicos desde un enfoque integral que considere lo psicol\u00f3gico, lo psiqui\u00e1trico y lo emocional. Un episodio necesario para entender que la piel tambi\u00e9n habla.<\/p>\n<p>#SaludMental #Dermatolog\u00eda #Psicodermatolog\u00eda #MenteAlCuadrado #Emociones #Ansiedad #Estr\u00e9s #CuidadoDeLaPiel #PielYEmociones #PodcastDeSalud #M\u00f3nicaFern\u00e1ndezS\u00e1nchez #SaludIntegral #BienestarMental #Psicolog\u00eda<\/p>\n","protected":false},"excerpt":{"rendered":"<p>\u00bfEl estr\u00e9s puede causar acn\u00e9? \u00bfLa ansiedad puede detonar brotes de psoriasis o dermatitis? En este episodio, hablamos con la Dra. M\u00f3nica Fern\u00e1ndez S\u00e1nchez sobre c\u00f3mo las emociones y la salud mental se reflejan \u2014literalmente\u2014 en la piel. Descubre c\u00f3mo abordar los padecimientos dermatol\u00f3gicos desde un enfoque integral que considere lo psicol\u00f3gico, lo psiqui\u00e1trico y [&hellip;]<\/p>\n","protected":false},"author":5,"featured_media":0,"menu_order":0,"comment_status":"open","ping_status":"closed","template":"","meta":{"_et_pb_use_builder":"","_et_pb_old_content":"","_et_gb_content_width":"","episode_type":"audio","audio_file":"https:\/\/mentealcuadrado.com\/wp-content\/uploads\/2025\/08\/Episodio-M2-Monica-Fernandez.mp3","podmotor_file_id":"","podmotor_episode_id":"","cover_image":"https:\/\/mentealcuadrado.com\/wp-content\/uploads\/2025\/08\/Monica-FernandezM2-1000x1000-1.png","cover_image_id":"2985","duration":"27:58","filesize":"25.61M","filesize_raw":"26849417","date_recorded":"2025-08-07 17:56:13","explicit":"","block":"","itunes_episode_number":"4","itunes_title":"Dermatolog\u00eda y salud mental con la Dra M\u00f3nica Fern\u00e1ndez S\u00e1nchez - Episodio 33","itunes_season_number":"3","itunes_episode_type":"full"},"tags":[61,62,63,7],"series":[14],"class_list":["post-2505","podcast","type-podcast","status-publish","hentry","tag-dermatologia","tag-dermatologo","tag-piel","tag-salud-mental","series-mente-al-cuadrado"],"episode_featured_image":false,"episode_player_image":"https:\/\/mentealcuadrado.com\/wp-content\/uploads\/2025\/08\/Monica-FernandezM2-1000x1000-1.png","download_link":"https:\/\/mentealcuadrado.com\/podcast-download\/2505\/dermatologia-y-salud-mental-con-la-dra-monica-fernandez-sanchez-episodio-33","player_link":"https:\/\/mentealcuadrado.com\/podcast-player\/2505\/dermatologia-y-salud-mental-con-la-dra-monica-fernandez-sanchez-episodio-33","audio_player":"<a class=\"wp-embedded-audio\" href=\"https:\/\/mentealcuadrado.com\/podcast-player\/2505\/dermatologia-y-salud-mental-con-la-dra-monica-fernandez-sanchez-episodio-33\">https:\/\/mentealcuadrado.com\/podcast-player\/2505\/dermatologia-y-salud-mental-con-la-dra-monica-fernandez-sanchez-episodio-33<\/a>","episode_data":{"playerMode":"dark","subscribeUrls":{"apple_podcasts":{"key":"apple_podcasts","url":"","label":"Apple Podcasts","class":"apple_podcasts","icon":"apple-podcasts.png"},"stitcher":{"key":"stitcher","url":"","label":"Stitcher","class":"stitcher","icon":"stitcher.png"},"google_podcasts":{"key":"google_podcasts","url":"","label":"Google Podcasts","class":"google_podcasts","icon":"google-podcasts.png"},"spotify":{"key":"spotify","url":"","label":"Spotify","class":"spotify","icon":"spotify.png"}},"rssFeedUrl":"https:\/\/mentealcuadrado.com\/feed\/podcast\/mente-al-cuadrado","embedCode":"<blockquote class=\"wp-embedded-content\" data-secret=\"u8R0loCuez\"><a href=\"https:\/\/mentealcuadrado.com\/index.php\/podcast\/dermatologia-y-salud-mental-con-la-dra-monica-fernandez-sanchez-episodio-33\/\">Dermatolog\u00eda y salud mental con la Dra M\u00f3nica Fern\u00e1ndez S\u00e1nchez &#8211; Episodio 33<\/a><\/blockquote><iframe sandbox=\"allow-scripts\" security=\"restricted\" src=\"https:\/\/mentealcuadrado.com\/index.php\/podcast\/dermatologia-y-salud-mental-con-la-dra-monica-fernandez-sanchez-episodio-33\/embed\/#?secret=u8R0loCuez\" width=\"500\" height=\"350\" title=\"\u00abDermatolog\u00eda y salud mental con la Dra M\u00f3nica Fern\u00e1ndez S\u00e1nchez &#8211; Episodio 33\u00bb \u2014 Mente al Cuadrado\" data-secret=\"u8R0loCuez\" frameborder=\"0\" marginwidth=\"0\" marginheight=\"0\" scrolling=\"no\" class=\"wp-embedded-content\"><\/iframe><script>\n\/*! This file is auto-generated *\/\n!function(d,l){\"use strict\";l.querySelector&&d.addEventListener&&\"undefined\"!=typeof URL&&(d.wp=d.wp||{},d.wp.receiveEmbedMessage||(d.wp.receiveEmbedMessage=function(e){var t=e.data;if((t||t.secret||t.message||t.value)&&!\/[^a-zA-Z0-9]\/.test(t.secret)){for(var s,r,n,a=l.querySelectorAll('iframe[data-secret=\"'+t.secret+'\"]'),o=l.querySelectorAll('blockquote[data-secret=\"'+t.secret+'\"]'),c=new RegExp(\"^https?:$\",\"i\"),i=0;i<o.length;i++)o[i].style.display=\"none\";for(i=0;i<a.length;i++)s=a[i],e.source===s.contentWindow&&(s.removeAttribute(\"style\"),\"height\"===t.message?(1e3<(r=parseInt(t.value,10))?r=1e3:~~r<200&&(r=200),s.height=r):\"link\"===t.message&&(r=new URL(s.getAttribute(\"src\")),n=new URL(t.value),c.test(n.protocol))&&n.host===r.host&&l.activeElement===s&&(d.top.location.href=t.value))}},d.addEventListener(\"message\",d.wp.receiveEmbedMessage,!1),l.addEventListener(\"DOMContentLoaded\",function(){for(var e,t,s=l.querySelectorAll(\"iframe.wp-embedded-content\"),r=0;r<s.length;r++)(t=(e=s[r]).getAttribute(\"data-secret\"))||(t=Math.random().toString(36).substring(2,12),e.src+=\"#?secret=\"+t,e.setAttribute(\"data-secret\",t)),e.contentWindow.postMessage({message:\"ready\",secret:t},\"*\")},!1)))}(window,document);\n\/\/# sourceURL=https:\/\/mentealcuadrado.com\/wp-includes\/js\/wp-embed.min.js\n<\/script>\n"},"_links":{"self":[{"href":"https:\/\/mentealcuadrado.com\/index.php\/wp-json\/wp\/v2\/podcast\/2505","targetHints":{"allow":["GET"]}}],"collection":[{"href":"https:\/\/mentealcuadrado.com\/index.php\/wp-json\/wp\/v2\/podcast"}],"about":[{"href":"https:\/\/mentealcuadrado.com\/index.php\/wp-json\/wp\/v2\/types\/podcast"}],"author":[{"embeddable":true,"href":"https:\/\/mentealcuadrado.com\/index.php\/wp-json\/wp\/v2\/users\/5"}],"replies":[{"embeddable":true,"href":"https:\/\/mentealcuadrado.com\/index.php\/wp-json\/wp\/v2\/comments?post=2505"}],"wp:attachment":[{"href":"https:\/\/mentealcuadrado.com\/index.php\/wp-json\/wp\/v2\/media?parent=2505"}],"wp:term":[{"taxonomy":"post_tag","embeddable":true,"href":"https:\/\/mentealcuadrado.com\/index.php\/wp-json\/wp\/v2\/tags?post=2505"},{"taxonomy":"series","embeddable":true,"href":"https:\/\/mentealcuadrado.com\/index.php\/wp-json\/wp\/v2\/series?post=2505"}],"curies":[{"name":"wp","href":"https:\/\/api.w.org\/{rel}","templated":true}]}}

Dermatología y salud mental con la Dra Mónica Fernández Sánchez &#8211; Episodio 33

<p>¿El estrés puede causar acné? ¿La ansiedad puede detonar brotes de psoriasis o dermatitis? En este episodio, hablamos con la Dra. Mónica Fernández Sánchez sobre cómo las emociones y la salud mental se reflejan —literalmente— en la piel. Descubre cómo abordar los padecimientos dermatológicos desde un enfoque integral que considere lo psicológico, lo psiquiátrico y lo emocional. Un episodio necesario para entender que la piel también habla.</p>
<p>#SaludMental #Dermatología #Psicodermatología #MenteAlCuadrado #Emociones #Ansiedad #Estrés #CuidadoDeLaPiel #PielYEmociones #PodcastDeSalud #MónicaFernándezSánchez #SaludIntegral #BienestarMental #Psicología</p>

<p>¿El estrés puede causar acné? ¿La ansiedad puede detonar brotes de psoriasis o dermatitis? En este episodio, hablamos con la Dra. Mónica Fernández Sánchez sobre cómo las emociones y la salud mental se reflejan —literalmente— en la piel. Descubre cómo abordar los padecimientos dermatológicos desde un enfoque integral que considere lo psicológico, lo psiquiátrico y [&hellip;]</p>

Dermatología y salud mental con la Dra Mónica Fernández Sánchez - Episodio 33

<blockquote class="wp-embedded-content" data-secret="u8R0loCuez"><a href="https://mentealcuadrado.com/index.php/podcast/dermatologia-y-salud-mental-con-la-dra-monica-fernandez-sanchez-episodio-33/">Dermatología y salud mental con la Dra Mónica Fernández Sánchez &#8211; Episodio 33</a></blockquote><iframe sandbox="allow-scripts" security="restricted" src="https://mentealcuadrado.com/index.php/podcast/dermatologia-y-salud-mental-con-la-dra-monica-fernandez-sanchez-episodio-33/embed/#?secret=u8R0loCuez" width="500" height="350" title="«Dermatología y salud mental con la Dra Mónica Fernández Sánchez &#8211; Episodio 33» — Mente al Cuadrado" data-secret="u8R0loCuez" frameborder="0" marginwidth="0" marginheight="0" scrolling="no" class="wp-embedded-content"></iframe><script>
/*! This file is auto-generated */
!function(d,l){"use strict";l.querySelector&&d.addEventListener&&"undefined"!=typeof URL&&(d.wp=d.wp||{},d.wp.receiveEmbedMessage||(d.wp.receiveEmbedMessage=function(e){var t=e.data;if((t||t.secret||t.message||t.value)&&!/[^a-zA-Z0-9]/.test(t.secret)){for(var s,r,n,a=l.querySelectorAll('iframe[data-secret="'+t.secret+'"]'),o=l.querySelectorAll('blockquote[data-secret="'+t.secret+'"]'),c=new RegExp("^https?:$","i"),i=0;i<o.length;i++)o[i].style.display="none";for(i=0;i<a.length;i++)s=a[i],e.source===s.contentWindow&&(s.removeAttribute("style"),"height"===t.message?(1e3<(r=parseInt(t.value,10))?r=1e3:~~r<200&&(r=200),s.height=r):"link"===t.message&&(r=new URL(s.getAttribute("src")),n=new URL(t.value),c.test(n.protocol))&&n.host===r.host&&l.activeElement===s&&(d.top.location.href=t.value))}},d.addEventListener("message",d.wp.receiveEmbedMessage,!1),l.addEventListener("DOMContentLoaded",function(){for(var e,t,s=l.querySelectorAll("iframe.wp-embedded-content"),r=0;r<s.length;r++)(t=(e=s[r]).getAttribute("data-secret"))||(t=Math.random().toString(36).substring(2,12),e.src+="#?secret="+t,e.setAttribute("data-secret",t)),e.contentWindow.postMessage({message:"ready",secret:t},"*")},!1)))}(window,document);
//# sourceURL=https://mentealcuadrado.com/wp-includes/js/wp-embed.min.js
</script>
