{"id":2485,"date":"2025-06-05T21:15:52","date_gmt":"2025-06-05T21:15:52","guid":{"rendered":"https:\/\/cisne.mx\/?post_type=podcast&amp;p=2485"},"modified":"2025-06-05T21:15:52","modified_gmt":"2025-06-05T21:15:52","slug":"redes-sociales-y-populismo-asi-se-descompone-la-salud-mental-con-macario-schettino-episodio-30","status":"publish","type":"podcast","link":"https:\/\/mentealcuadrado.com\/index.php\/podcast\/redes-sociales-y-populismo-asi-se-descompone-la-salud-mental-con-macario-schettino-episodio-30\/","title":{"rendered":"Redes sociales y populismo: as\u00ed se descompone la salud mental con Macario Schettino &#8211; Episodio 30"},"content":{"rendered":"<p class=\"e-9652-text encore-text-body-medium\" data-encore-id=\"text\" data-slate-node=\"element\"><span data-slate-node=\"text\"><span class=\"sc-iAJcmt kMXkFi\" data-slate-leaf=\"true\">En este nuevo episodio de Mente al Cuadrado, el Dr. Edilberto Pe\u00f1a conversa con el economista y escritor Macario Schettino sobre c\u00f3mo el discurso populista y la hiperconexi\u00f3n digital est\u00e1n moldeando nuestras emociones, decisiones\u2026 y nuestra salud mental. \u00bfC\u00f3mo impactan las redes en nuestra percepci\u00f3n de la realidad? \u00bfY qu\u00e9 consecuencias tiene el populismo en nuestra estabilidad emocional colectiva? <\/span><\/span><\/p>\n<p class=\"e-9652-text encore-text-body-medium\" data-encore-id=\"text\" data-slate-node=\"element\"><span data-slate-node=\"text\"><span class=\"sc-iAJcmt kMXkFi\" data-slate-leaf=\"true\">No te pierdas este episodio de Mente al Cuadrado, disponible en todas las plataformas.<\/span><\/span><\/p>\n<p class=\"e-9652-text encore-text-body-medium\" data-encore-id=\"text\" data-slate-node=\"element\" data-slate-fragment=\"JTVCJTdCJTIydHlwZSUyMiUzQSUyMnBhcmFncmFwaCUyMiUyQyUyMmNoaWxkcmVuJTIyJTNBJTVCJTdCJTIydGV4dCUyMiUzQSUyMkVuJTIwZXN0ZSUyMG51ZXZvJTIwZXBpc29kaW8lMjBkZSUyME1lbnRlJTIwYWwlMjBDdWFkcmFkbyUyQyUyMGVsJTIwRHIuJTIwRWRpbGJlcnRvJTIwUGUlQzMlQjFhJTIwY29udmVyc2ElMjBjb24lMjBlbCUyMGVjb25vbWlzdGElMjB5JTIwZXNjcml0b3IlMjBNYWNhcmlvJTIwU2NoZXR0aW5vJTIwc29icmUlMjBjJUMzJUIzbW8lMjBlbCUyMGRpc2N1cnNvJTIwcG9wdWxpc3RhJTIweSUyMGxhJTIwaGlwZXJjb25leGklQzMlQjNuJTIwZGlnaXRhbCUyMGVzdCVDMyVBMW4lMjBtb2xkZWFuZG8lMjBudWVzdHJhcyUyMGVtb2Npb25lcyUyQyUyMGRlY2lzaW9uZXMlRTIlODAlQTYlMjB5JTIwbnVlc3RyYSUyMHNhbHVkJTIwbWVudGFsLiVDMiVCRkMlQzMlQjNtbyUyMGltcGFjdGFuJTIwbGFzJTIwcmVkZXMlMjBlbiUyMG51ZXN0cmElMjBwZXJjZXBjaSVDMyVCM24lMjBkZSUyMGxhJTIwcmVhbGlkYWQlM0YlMjAlQzIlQkZZJTIwcXUlQzMlQTklMjBjb25zZWN1ZW5jaWFzJTIwdGllbmUlMjBlbCUyMHBvcHVsaXNtbyUyMGVuJTIwbnVlc3RyYSUyMGVzdGFiaWxpZGFkJTIwZW1vY2lvbmFsJTIwY29sZWN0aXZhJTNGTm8lMjB0ZSUyMHBpZXJkYXMlMjBlc3RlJTIwZXBpc29kaW8lMjBkZSUyME1lbnRlJTIwYWwlMjBDdWFkcmFkbyUyQyUyMGRpc3BvbmlibGUlMjBlbiUyMHRvZGFzJTIwbGFzJTIwcGxhdGFmb3JtYXMuJTIyJTdEJTVEJTdEJTJDJTdCJTIydHlwZSUyMiUzQSUyMnBhcmFncmFwaCUyMiUyQyUyMmNoaWxkcmVuJTIyJTNBJTVCJTdCJTIydGV4dCUyMiUzQSUyMiUyMiU3RCU1RCU3RCUyQyU3QiUyMnR5cGUlMjIlM0ElMjJwYXJhZ3JhcGglMjIlMkMlMjJjaGlsZHJlbiUyMiUzQSU1QiU3QiUyMnRleHQlMjIlM0ElMjIlMjNNZW50ZUFsQ3VhZHJhZG8lMjAlMjNNYWNhcmlvU2NoZXR0aW5vJTIwJTIzU2FsdWRNZW50YWwlMjAlMjNQb3B1bGlzbW8lMjAlMjNSZWRlc1NvY2lhbGVzJTIwJTIzUG9kY2FzdE1leGljbyUyMCUyM0RyRWRpbGJlcnRvUGUlQzMlQjFhJTIyJTdEJTVEJTdEJTVE\"><span data-slate-node=\"text\"><span class=\"sc-iAJcmt kMXkFi\" data-slate-leaf=\"true\">#MenteAlCuadrado #MacarioSchettino #SaludMental #Populismo #RedesSociales #PodcastMexico #DrEdilbertoPe\u00f1a<\/span><\/span><\/p>\n","protected":false},"excerpt":{"rendered":"<p>En este nuevo episodio de Mente al Cuadrado, el Dr. Edilberto Pe\u00f1a conversa con el economista y escritor Macario Schettino sobre c\u00f3mo el discurso populista y la hiperconexi\u00f3n digital est\u00e1n moldeando nuestras emociones, decisiones\u2026 y nuestra salud mental. \u00bfC\u00f3mo impactan las redes en nuestra percepci\u00f3n de la realidad? \u00bfY qu\u00e9 consecuencias tiene el populismo en [&hellip;]<\/p>\n","protected":false},"author":5,"featured_media":0,"menu_order":0,"comment_status":"open","ping_status":"closed","template":"","meta":{"_et_pb_use_builder":"","_et_pb_old_content":"","_et_gb_content_width":"","episode_type":"audio","audio_file":"https:\/\/mentealcuadrado.com\/wp-content\/uploads\/2025\/06\/Episodio-M2-Macario-Schettino.mp3","podmotor_file_id":"","podmotor_episode_id":"","cover_image":"https:\/\/mentealcuadrado.com\/wp-content\/uploads\/2025\/06\/M2-MacarioShettino-1000x1000-1.jpg","cover_image_id":"2988","duration":"32:19","filesize":"29.59M","filesize_raw":"31026185","date_recorded":"2025-06-05 21:15:52","explicit":"","block":"","itunes_episode_number":"1","itunes_title":"Redes sociales y populismo: as\u00ed se descompone la salud mental con Macario Schettino - Episodio 30","itunes_season_number":"3","itunes_episode_type":"full"},"tags":[55,56,7],"series":[14],"class_list":["post-2485","podcast","type-podcast","status-publish","hentry","tag-populismo","tag-redes-sociales","tag-salud-mental","series-mente-al-cuadrado"],"episode_featured_image":false,"episode_player_image":"https:\/\/mentealcuadrado.com\/wp-content\/uploads\/2025\/06\/M2-MacarioShettino-1000x1000-1.jpg","download_link":"https:\/\/mentealcuadrado.com\/podcast-download\/2485\/redes-sociales-y-populismo-asi-se-descompone-la-salud-mental-con-macario-schettino-episodio-30","player_link":"https:\/\/mentealcuadrado.com\/podcast-player\/2485\/redes-sociales-y-populismo-asi-se-descompone-la-salud-mental-con-macario-schettino-episodio-30","audio_player":"<a class=\"wp-embedded-audio\" href=\"https:\/\/mentealcuadrado.com\/podcast-player\/2485\/redes-sociales-y-populismo-asi-se-descompone-la-salud-mental-con-macario-schettino-episodio-30\">https:\/\/mentealcuadrado.com\/podcast-player\/2485\/redes-sociales-y-populismo-asi-se-descompone-la-salud-mental-con-macario-schettino-episodio-30<\/a>","episode_data":{"playerMode":"dark","subscribeUrls":{"apple_podcasts":{"key":"apple_podcasts","url":"","label":"Apple Podcasts","class":"apple_podcasts","icon":"apple-podcasts.png"},"stitcher":{"key":"stitcher","url":"","label":"Stitcher","class":"stitcher","icon":"stitcher.png"},"google_podcasts":{"key":"google_podcasts","url":"","label":"Google Podcasts","class":"google_podcasts","icon":"google-podcasts.png"},"spotify":{"key":"spotify","url":"","label":"Spotify","class":"spotify","icon":"spotify.png"}},"rssFeedUrl":"https:\/\/mentealcuadrado.com\/feed\/podcast\/mente-al-cuadrado","embedCode":"<blockquote class=\"wp-embedded-content\" data-secret=\"kIWEjk1Dv6\"><a href=\"https:\/\/mentealcuadrado.com\/index.php\/podcast\/redes-sociales-y-populismo-asi-se-descompone-la-salud-mental-con-macario-schettino-episodio-30\/\">Redes sociales y populismo: as\u00ed se descompone la salud mental con Macario Schettino &#8211; Episodio 30<\/a><\/blockquote><iframe sandbox=\"allow-scripts\" security=\"restricted\" src=\"https:\/\/mentealcuadrado.com\/index.php\/podcast\/redes-sociales-y-populismo-asi-se-descompone-la-salud-mental-con-macario-schettino-episodio-30\/embed\/#?secret=kIWEjk1Dv6\" width=\"500\" height=\"350\" title=\"\u00abRedes sociales y populismo: as\u00ed se descompone la salud mental con Macario Schettino &#8211; Episodio 30\u00bb \u2014 Mente al Cuadrado\" data-secret=\"kIWEjk1Dv6\" frameborder=\"0\" marginwidth=\"0\" marginheight=\"0\" scrolling=\"no\" class=\"wp-embedded-content\"><\/iframe><script>\n\/*! This file is auto-generated *\/\n!function(d,l){\"use strict\";l.querySelector&&d.addEventListener&&\"undefined\"!=typeof URL&&(d.wp=d.wp||{},d.wp.receiveEmbedMessage||(d.wp.receiveEmbedMessage=function(e){var t=e.data;if((t||t.secret||t.message||t.value)&&!\/[^a-zA-Z0-9]\/.test(t.secret)){for(var s,r,n,a=l.querySelectorAll('iframe[data-secret=\"'+t.secret+'\"]'),o=l.querySelectorAll('blockquote[data-secret=\"'+t.secret+'\"]'),c=new RegExp(\"^https?:$\",\"i\"),i=0;i<o.length;i++)o[i].style.display=\"none\";for(i=0;i<a.length;i++)s=a[i],e.source===s.contentWindow&&(s.removeAttribute(\"style\"),\"height\"===t.message?(1e3<(r=parseInt(t.value,10))?r=1e3:~~r<200&&(r=200),s.height=r):\"link\"===t.message&&(r=new URL(s.getAttribute(\"src\")),n=new URL(t.value),c.test(n.protocol))&&n.host===r.host&&l.activeElement===s&&(d.top.location.href=t.value))}},d.addEventListener(\"message\",d.wp.receiveEmbedMessage,!1),l.addEventListener(\"DOMContentLoaded\",function(){for(var e,t,s=l.querySelectorAll(\"iframe.wp-embedded-content\"),r=0;r<s.length;r++)(t=(e=s[r]).getAttribute(\"data-secret\"))||(t=Math.random().toString(36).substring(2,12),e.src+=\"#?secret=\"+t,e.setAttribute(\"data-secret\",t)),e.contentWindow.postMessage({message:\"ready\",secret:t},\"*\")},!1)))}(window,document);\n\/\/# sourceURL=https:\/\/mentealcuadrado.com\/wp-includes\/js\/wp-embed.min.js\n<\/script>\n"},"_links":{"self":[{"href":"https:\/\/mentealcuadrado.com\/index.php\/wp-json\/wp\/v2\/podcast\/2485","targetHints":{"allow":["GET"]}}],"collection":[{"href":"https:\/\/mentealcuadrado.com\/index.php\/wp-json\/wp\/v2\/podcast"}],"about":[{"href":"https:\/\/mentealcuadrado.com\/index.php\/wp-json\/wp\/v2\/types\/podcast"}],"author":[{"embeddable":true,"href":"https:\/\/mentealcuadrado.com\/index.php\/wp-json\/wp\/v2\/users\/5"}],"replies":[{"embeddable":true,"href":"https:\/\/mentealcuadrado.com\/index.php\/wp-json\/wp\/v2\/comments?post=2485"}],"wp:attachment":[{"href":"https:\/\/mentealcuadrado.com\/index.php\/wp-json\/wp\/v2\/media?parent=2485"}],"wp:term":[{"taxonomy":"post_tag","embeddable":true,"href":"https:\/\/mentealcuadrado.com\/index.php\/wp-json\/wp\/v2\/tags?post=2485"},{"taxonomy":"series","embeddable":true,"href":"https:\/\/mentealcuadrado.com\/index.php\/wp-json\/wp\/v2\/series?post=2485"}],"curies":[{"name":"wp","href":"https:\/\/api.w.org\/{rel}","templated":true}]}}

Redes sociales y populismo: así se descompone la salud mental con Macario Schettino &#8211; Episodio 30

<p class="e-9652-text encore-text-body-medium" data-encore-id="text" data-slate-node="element"><span data-slate-node="text"><span class="sc-iAJcmt kMXkFi" data-slate-leaf="true">En este nuevo episodio de Mente al Cuadrado, el Dr. Edilberto Peña conversa con el economista y escritor Macario Schettino sobre cómo el discurso populista y la hiperconexión digital están moldeando nuestras emociones, decisiones… y nuestra salud mental. ¿Cómo impactan las redes en nuestra percepción de la realidad? ¿Y qué consecuencias tiene el populismo en nuestra estabilidad emocional colectiva? </span></span></p>
<p class="e-9652-text encore-text-body-medium" data-encore-id="text" data-slate-node="element"><span data-slate-node="text"><span class="sc-iAJcmt kMXkFi" data-slate-leaf="true">No te pierdas este episodio de Mente al Cuadrado, disponible en todas las plataformas.</span></span></p>
<p class="e-9652-text encore-text-body-medium" data-encore-id="text" data-slate-node="element" data-slate-fragment="JTVCJTdCJTIydHlwZSUyMiUzQSUyMnBhcmFncmFwaCUyMiUyQyUyMmNoaWxkcmVuJTIyJTNBJTVCJTdCJTIydGV4dCUyMiUzQSUyMkVuJTIwZXN0ZSUyMG51ZXZvJTIwZXBpc29kaW8lMjBkZSUyME1lbnRlJTIwYWwlMjBDdWFkcmFkbyUyQyUyMGVsJTIwRHIuJTIwRWRpbGJlcnRvJTIwUGUlQzMlQjFhJTIwY29udmVyc2ElMjBjb24lMjBlbCUyMGVjb25vbWlzdGElMjB5JTIwZXNjcml0b3IlMjBNYWNhcmlvJTIwU2NoZXR0aW5vJTIwc29icmUlMjBjJUMzJUIzbW8lMjBlbCUyMGRpc2N1cnNvJTIwcG9wdWxpc3RhJTIweSUyMGxhJTIwaGlwZXJjb25leGklQzMlQjNuJTIwZGlnaXRhbCUyMGVzdCVDMyVBMW4lMjBtb2xkZWFuZG8lMjBudWVzdHJhcyUyMGVtb2Npb25lcyUyQyUyMGRlY2lzaW9uZXMlRTIlODAlQTYlMjB5JTIwbnVlc3RyYSUyMHNhbHVkJTIwbWVudGFsLiVDMiVCRkMlQzMlQjNtbyUyMGltcGFjdGFuJTIwbGFzJTIwcmVkZXMlMjBlbiUyMG51ZXN0cmElMjBwZXJjZXBjaSVDMyVCM24lMjBkZSUyMGxhJTIwcmVhbGlkYWQlM0YlMjAlQzIlQkZZJTIwcXUlQzMlQTklMjBjb25zZWN1ZW5jaWFzJTIwdGllbmUlMjBlbCUyMHBvcHVsaXNtbyUyMGVuJTIwbnVlc3RyYSUyMGVzdGFiaWxpZGFkJTIwZW1vY2lvbmFsJTIwY29sZWN0aXZhJTNGTm8lMjB0ZSUyMHBpZXJkYXMlMjBlc3RlJTIwZXBpc29kaW8lMjBkZSUyME1lbnRlJTIwYWwlMjBDdWFkcmFkbyUyQyUyMGRpc3BvbmlibGUlMjBlbiUyMHRvZGFzJTIwbGFzJTIwcGxhdGFmb3JtYXMuJTIyJTdEJTVEJTdEJTJDJTdCJTIydHlwZSUyMiUzQSUyMnBhcmFncmFwaCUyMiUyQyUyMmNoaWxkcmVuJTIyJTNBJTVCJTdCJTIydGV4dCUyMiUzQSUyMiUyMiU3RCU1RCU3RCUyQyU3QiUyMnR5cGUlMjIlM0ElMjJwYXJhZ3JhcGglMjIlMkMlMjJjaGlsZHJlbiUyMiUzQSU1QiU3QiUyMnRleHQlMjIlM0ElMjIlMjNNZW50ZUFsQ3VhZHJhZG8lMjAlMjNNYWNhcmlvU2NoZXR0aW5vJTIwJTIzU2FsdWRNZW50YWwlMjAlMjNQb3B1bGlzbW8lMjAlMjNSZWRlc1NvY2lhbGVzJTIwJTIzUG9kY2FzdE1leGljbyUyMCUyM0RyRWRpbGJlcnRvUGUlQzMlQjFhJTIyJTdEJTVEJTdEJTVE"><span data-slate-node="text"><span class="sc-iAJcmt kMXkFi" data-slate-leaf="true">#MenteAlCuadrado #MacarioSchettino #SaludMental #Populismo #RedesSociales #PodcastMexico #DrEdilbertoPeña</span></span></p>

<p>En este nuevo episodio de Mente al Cuadrado, el Dr. Edilberto Peña conversa con el economista y escritor Macario Schettino sobre cómo el discurso populista y la hiperconexión digital están moldeando nuestras emociones, decisiones… y nuestra salud mental. ¿Cómo impactan las redes en nuestra percepción de la realidad? ¿Y qué consecuencias tiene el populismo en [&hellip;]</p>

Redes sociales y populismo: así se descompone la salud mental con Macario Schettino - Episodio 30

<blockquote class="wp-embedded-content" data-secret="kIWEjk1Dv6"><a href="https://mentealcuadrado.com/index.php/podcast/redes-sociales-y-populismo-asi-se-descompone-la-salud-mental-con-macario-schettino-episodio-30/">Redes sociales y populismo: así se descompone la salud mental con Macario Schettino &#8211; Episodio 30</a></blockquote><iframe sandbox="allow-scripts" security="restricted" src="https://mentealcuadrado.com/index.php/podcast/redes-sociales-y-populismo-asi-se-descompone-la-salud-mental-con-macario-schettino-episodio-30/embed/#?secret=kIWEjk1Dv6" width="500" height="350" title="«Redes sociales y populismo: así se descompone la salud mental con Macario Schettino &#8211; Episodio 30» — Mente al Cuadrado" data-secret="kIWEjk1Dv6" frameborder="0" marginwidth="0" marginheight="0" scrolling="no" class="wp-embedded-content"></iframe><script>
/*! This file is auto-generated */
!function(d,l){"use strict";l.querySelector&&d.addEventListener&&"undefined"!=typeof URL&&(d.wp=d.wp||{},d.wp.receiveEmbedMessage||(d.wp.receiveEmbedMessage=function(e){var t=e.data;if((t||t.secret||t.message||t.value)&&!/[^a-zA-Z0-9]/.test(t.secret)){for(var s,r,n,a=l.querySelectorAll('iframe[data-secret="'+t.secret+'"]'),o=l.querySelectorAll('blockquote[data-secret="'+t.secret+'"]'),c=new RegExp("^https?:$","i"),i=0;i<o.length;i++)o[i].style.display="none";for(i=0;i<a.length;i++)s=a[i],e.source===s.contentWindow&&(s.removeAttribute("style"),"height"===t.message?(1e3<(r=parseInt(t.value,10))?r=1e3:~~r<200&&(r=200),s.height=r):"link"===t.message&&(r=new URL(s.getAttribute("src")),n=new URL(t.value),c.test(n.protocol))&&n.host===r.host&&l.activeElement===s&&(d.top.location.href=t.value))}},d.addEventListener("message",d.wp.receiveEmbedMessage,!1),l.addEventListener("DOMContentLoaded",function(){for(var e,t,s=l.querySelectorAll("iframe.wp-embedded-content"),r=0;r<s.length;r++)(t=(e=s[r]).getAttribute("data-secret"))||(t=Math.random().toString(36).substring(2,12),e.src+="#?secret="+t,e.setAttribute("data-secret",t)),e.contentWindow.postMessage({message:"ready",secret:t},"*")},!1)))}(window,document);
//# sourceURL=https://mentealcuadrado.com/wp-includes/js/wp-embed.min.js
</script>
