{"id":2449,"date":"2025-03-13T17:02:10","date_gmt":"2025-03-13T17:02:10","guid":{"rendered":"https:\/\/cisne.mx\/?post_type=podcast&amp;p=2449"},"modified":"2025-03-13T17:02:10","modified_gmt":"2025-03-13T17:02:10","slug":"mente-al-cuadrado-25-ecoansiedad-el-costo-emocional-del-cambio-climatico-con-cora-luguercho","status":"publish","type":"podcast","link":"https:\/\/mentealcuadrado.com\/index.php\/podcast\/mente-al-cuadrado-25-ecoansiedad-el-costo-emocional-del-cambio-climatico-con-cora-luguercho\/","title":{"rendered":"Mente al Cuadrado 25: Ecoansiedad, El Costo Emocional del Cambio Clim\u00e1tico con Cora Luguercho"},"content":{"rendered":"<p>El cambio clim\u00e1tico no solo afecta al planeta, tambi\u00e9n impacta nuestra salud mental. La incertidumbre sobre el futuro puede generar ansiedad, miedo y desesperanza. En este episodio de Mente al Cuadrado, Cora Luguercho, Presidenta de APSA y Coordinadora de la Secci\u00f3n de Salud Mental Ambiental APAL, nos explica qu\u00e9 es la ecoansiedad y c\u00f3mo podemos afrontarla. No te pierdas este episodio de Mente al Cuadrado, disponible en todas las plataformas.<\/p>\n","protected":false},"excerpt":{"rendered":"<p>El cambio clim\u00e1tico no solo afecta al planeta, tambi\u00e9n impacta nuestra salud mental. La incertidumbre sobre el futuro puede generar ansiedad, miedo y desesperanza. En este episodio de Mente al Cuadrado, Cora Luguercho, Presidenta de APSA y Coordinadora de la Secci\u00f3n de Salud Mental Ambiental APAL, nos explica qu\u00e9 es la ecoansiedad y c\u00f3mo podemos [&hellip;]<\/p>\n","protected":false},"author":5,"featured_media":0,"menu_order":0,"comment_status":"open","ping_status":"closed","template":"","meta":{"_et_pb_use_builder":"","_et_pb_old_content":"","_et_gb_content_width":"","episode_type":"audio","audio_file":"https:\/\/mentealcuadrado.com\/wp-content\/uploads\/2025\/03\/Cora-Luguercho-M2.mp3","podmotor_file_id":"","podmotor_episode_id":"","cover_image":"","cover_image_id":"","duration":"19:39","filesize":"17.99M","filesize_raw":"18866825","date_recorded":"2025-03-13 17:02:10","explicit":"","block":"","itunes_episode_number":"17","itunes_title":"Ecoansiedad, El Costo Emocional del Cambio Clim\u00e1tico con Cora Luguercho","itunes_season_number":"2","itunes_episode_type":"full"},"tags":[20,46,7],"series":[14],"class_list":["post-2449","podcast","type-podcast","status-publish","hentry","tag-ansiedad","tag-ecoansiedad","tag-salud-mental","series-mente-al-cuadrado"],"episode_featured_image":false,"episode_player_image":"https:\/\/mentealcuadrado.com\/wp-content\/uploads\/2026\/08\/portada-podcast.jpg","download_link":"https:\/\/mentealcuadrado.com\/podcast-download\/2449\/mente-al-cuadrado-25-ecoansiedad-el-costo-emocional-del-cambio-climatico-con-cora-luguercho","player_link":"https:\/\/mentealcuadrado.com\/podcast-player\/2449\/mente-al-cuadrado-25-ecoansiedad-el-costo-emocional-del-cambio-climatico-con-cora-luguercho","audio_player":"<a class=\"wp-embedded-audio\" href=\"https:\/\/mentealcuadrado.com\/podcast-player\/2449\/mente-al-cuadrado-25-ecoansiedad-el-costo-emocional-del-cambio-climatico-con-cora-luguercho\">https:\/\/mentealcuadrado.com\/podcast-player\/2449\/mente-al-cuadrado-25-ecoansiedad-el-costo-emocional-del-cambio-climatico-con-cora-luguercho<\/a>","episode_data":{"playerMode":"dark","subscribeUrls":{"apple_podcasts":{"key":"apple_podcasts","url":"","label":"Apple Podcasts","class":"apple_podcasts","icon":"apple-podcasts.png"},"stitcher":{"key":"stitcher","url":"","label":"Stitcher","class":"stitcher","icon":"stitcher.png"},"google_podcasts":{"key":"google_podcasts","url":"","label":"Google Podcasts","class":"google_podcasts","icon":"google-podcasts.png"},"spotify":{"key":"spotify","url":"","label":"Spotify","class":"spotify","icon":"spotify.png"}},"rssFeedUrl":"https:\/\/mentealcuadrado.com\/feed\/podcast\/mente-al-cuadrado","embedCode":"<blockquote class=\"wp-embedded-content\" data-secret=\"G9lWUB4xLj\"><a href=\"https:\/\/mentealcuadrado.com\/index.php\/podcast\/mente-al-cuadrado-25-ecoansiedad-el-costo-emocional-del-cambio-climatico-con-cora-luguercho\/\">Mente al Cuadrado 25: Ecoansiedad, El Costo Emocional del Cambio Clim\u00e1tico con Cora Luguercho<\/a><\/blockquote><iframe sandbox=\"allow-scripts\" security=\"restricted\" src=\"https:\/\/mentealcuadrado.com\/index.php\/podcast\/mente-al-cuadrado-25-ecoansiedad-el-costo-emocional-del-cambio-climatico-con-cora-luguercho\/embed\/#?secret=G9lWUB4xLj\" width=\"500\" height=\"350\" title=\"\u00abMente al Cuadrado 25: Ecoansiedad, El Costo Emocional del Cambio Clim\u00e1tico con Cora Luguercho\u00bb \u2014 Mente al Cuadrado\" data-secret=\"G9lWUB4xLj\" frameborder=\"0\" marginwidth=\"0\" marginheight=\"0\" scrolling=\"no\" class=\"wp-embedded-content\"><\/iframe><script>\n\/*! This file is auto-generated *\/\n!function(d,l){\"use strict\";l.querySelector&&d.addEventListener&&\"undefined\"!=typeof URL&&(d.wp=d.wp||{},d.wp.receiveEmbedMessage||(d.wp.receiveEmbedMessage=function(e){var t=e.data;if((t||t.secret||t.message||t.value)&&!\/[^a-zA-Z0-9]\/.test(t.secret)){for(var s,r,n,a=l.querySelectorAll('iframe[data-secret=\"'+t.secret+'\"]'),o=l.querySelectorAll('blockquote[data-secret=\"'+t.secret+'\"]'),c=new RegExp(\"^https?:$\",\"i\"),i=0;i<o.length;i++)o[i].style.display=\"none\";for(i=0;i<a.length;i++)s=a[i],e.source===s.contentWindow&&(s.removeAttribute(\"style\"),\"height\"===t.message?(1e3<(r=parseInt(t.value,10))?r=1e3:~~r<200&&(r=200),s.height=r):\"link\"===t.message&&(r=new URL(s.getAttribute(\"src\")),n=new URL(t.value),c.test(n.protocol))&&n.host===r.host&&l.activeElement===s&&(d.top.location.href=t.value))}},d.addEventListener(\"message\",d.wp.receiveEmbedMessage,!1),l.addEventListener(\"DOMContentLoaded\",function(){for(var e,t,s=l.querySelectorAll(\"iframe.wp-embedded-content\"),r=0;r<s.length;r++)(t=(e=s[r]).getAttribute(\"data-secret\"))||(t=Math.random().toString(36).substring(2,12),e.src+=\"#?secret=\"+t,e.setAttribute(\"data-secret\",t)),e.contentWindow.postMessage({message:\"ready\",secret:t},\"*\")},!1)))}(window,document);\n\/\/# sourceURL=https:\/\/mentealcuadrado.com\/wp-includes\/js\/wp-embed.min.js\n<\/script>\n"},"_links":{"self":[{"href":"https:\/\/mentealcuadrado.com\/index.php\/wp-json\/wp\/v2\/podcast\/2449","targetHints":{"allow":["GET"]}}],"collection":[{"href":"https:\/\/mentealcuadrado.com\/index.php\/wp-json\/wp\/v2\/podcast"}],"about":[{"href":"https:\/\/mentealcuadrado.com\/index.php\/wp-json\/wp\/v2\/types\/podcast"}],"author":[{"embeddable":true,"href":"https:\/\/mentealcuadrado.com\/index.php\/wp-json\/wp\/v2\/users\/5"}],"replies":[{"embeddable":true,"href":"https:\/\/mentealcuadrado.com\/index.php\/wp-json\/wp\/v2\/comments?post=2449"}],"wp:attachment":[{"href":"https:\/\/mentealcuadrado.com\/index.php\/wp-json\/wp\/v2\/media?parent=2449"}],"wp:term":[{"taxonomy":"post_tag","embeddable":true,"href":"https:\/\/mentealcuadrado.com\/index.php\/wp-json\/wp\/v2\/tags?post=2449"},{"taxonomy":"series","embeddable":true,"href":"https:\/\/mentealcuadrado.com\/index.php\/wp-json\/wp\/v2\/series?post=2449"}],"curies":[{"name":"wp","href":"https:\/\/api.w.org\/{rel}","templated":true}]}}

Mente al Cuadrado 25: Ecoansiedad, El Costo Emocional del Cambio Climático con Cora Luguercho

<p>El cambio climático no solo afecta al planeta, también impacta nuestra salud mental. La incertidumbre sobre el futuro puede generar ansiedad, miedo y desesperanza. En este episodio de Mente al Cuadrado, Cora Luguercho, Presidenta de APSA y Coordinadora de la Sección de Salud Mental Ambiental APAL, nos explica qué es la ecoansiedad y cómo podemos afrontarla. No te pierdas este episodio de Mente al Cuadrado, disponible en todas las plataformas.</p>

<p>El cambio climático no solo afecta al planeta, también impacta nuestra salud mental. La incertidumbre sobre el futuro puede generar ansiedad, miedo y desesperanza. En este episodio de Mente al Cuadrado, Cora Luguercho, Presidenta de APSA y Coordinadora de la Sección de Salud Mental Ambiental APAL, nos explica qué es la ecoansiedad y cómo podemos [&hellip;]</p>

Ecoansiedad, El Costo Emocional del Cambio Climático con Cora Luguercho

<blockquote class="wp-embedded-content" data-secret="G9lWUB4xLj"><a href="https://mentealcuadrado.com/index.php/podcast/mente-al-cuadrado-25-ecoansiedad-el-costo-emocional-del-cambio-climatico-con-cora-luguercho/">Mente al Cuadrado 25: Ecoansiedad, El Costo Emocional del Cambio Climático con Cora Luguercho</a></blockquote><iframe sandbox="allow-scripts" security="restricted" src="https://mentealcuadrado.com/index.php/podcast/mente-al-cuadrado-25-ecoansiedad-el-costo-emocional-del-cambio-climatico-con-cora-luguercho/embed/#?secret=G9lWUB4xLj" width="500" height="350" title="«Mente al Cuadrado 25: Ecoansiedad, El Costo Emocional del Cambio Climático con Cora Luguercho» — Mente al Cuadrado" data-secret="G9lWUB4xLj" frameborder="0" marginwidth="0" marginheight="0" scrolling="no" class="wp-embedded-content"></iframe><script>
/*! This file is auto-generated */
!function(d,l){"use strict";l.querySelector&&d.addEventListener&&"undefined"!=typeof URL&&(d.wp=d.wp||{},d.wp.receiveEmbedMessage||(d.wp.receiveEmbedMessage=function(e){var t=e.data;if((t||t.secret||t.message||t.value)&&!/[^a-zA-Z0-9]/.test(t.secret)){for(var s,r,n,a=l.querySelectorAll('iframe[data-secret="'+t.secret+'"]'),o=l.querySelectorAll('blockquote[data-secret="'+t.secret+'"]'),c=new RegExp("^https?:$","i"),i=0;i<o.length;i++)o[i].style.display="none";for(i=0;i<a.length;i++)s=a[i],e.source===s.contentWindow&&(s.removeAttribute("style"),"height"===t.message?(1e3<(r=parseInt(t.value,10))?r=1e3:~~r<200&&(r=200),s.height=r):"link"===t.message&&(r=new URL(s.getAttribute("src")),n=new URL(t.value),c.test(n.protocol))&&n.host===r.host&&l.activeElement===s&&(d.top.location.href=t.value))}},d.addEventListener("message",d.wp.receiveEmbedMessage,!1),l.addEventListener("DOMContentLoaded",function(){for(var e,t,s=l.querySelectorAll("iframe.wp-embedded-content"),r=0;r<s.length;r++)(t=(e=s[r]).getAttribute("data-secret"))||(t=Math.random().toString(36).substring(2,12),e.src+="#?secret="+t,e.setAttribute("data-secret",t)),e.contentWindow.postMessage({message:"ready",secret:t},"*")},!1)))}(window,document);
//# sourceURL=https://mentealcuadrado.com/wp-includes/js/wp-embed.min.js
</script>
