{"id":2369,"date":"2024-10-11T03:41:23","date_gmt":"2024-10-11T03:41:23","guid":{"rendered":"https:\/\/cisne.mx\/?post_type=podcast&amp;p=2369"},"modified":"2024-10-11T03:41:23","modified_gmt":"2024-10-11T03:41:23","slug":"conversaciones-necesarias-el-abuso-en-ninos-con-daniela-ortiz-de-la-pena","status":"publish","type":"podcast","link":"https:\/\/mentealcuadrado.com\/index.php\/podcast\/conversaciones-necesarias-el-abuso-en-ninos-con-daniela-ortiz-de-la-pena\/","title":{"rendered":"Conversaciones Necesarias: El Abuso en Ni\u00f1os con Daniela Ortiz de la Pe\u00f1a"},"content":{"rendered":"<p>En este episodio de Mente al Cuadrado, el Dr. Edilberto Pe\u00f1a conversa con Daniela Ortiz de la Pe\u00f1a del proyecto Corazonada, psicoterapeuta especialista en sexualidad infantil, sobre un tema crucial: c\u00f3mo prevenir y detectar el abuso en ni\u00f1os. Juntos abordan la importancia de educarnos como padres para poder acompa\u00f1ar a nuestros hijos en su desarrollo, creando espacios seguros y de confianza. Un di\u00e1logo profundo y necesario para proteger a los ni\u00f1os y ni\u00f1as, \u00a1no te pierdas este episodio! #AbusoInfantil #Prevenci\u00f3n #CrianzaConsciente #SexualidadInfantil #Protecci\u00f3n #Podcast #Educaci\u00f3nParaPadres #MenteAlCuadrado #grooming #PodcastEducativo #M2<\/p>\n","protected":false},"excerpt":{"rendered":"<p>En este episodio de Mente al Cuadrado, el Dr. Edilberto Pe\u00f1a conversa con Daniela Ortiz de la Pe\u00f1a del proyecto Corazonada, psicoterapeuta especialista en sexualidad infantil, sobre un tema crucial: c\u00f3mo prevenir y detectar el abuso en ni\u00f1os. Juntos abordan la importancia de educarnos como padres para poder acompa\u00f1ar a nuestros hijos en su desarrollo, [&hellip;]<\/p>\n","protected":false},"author":5,"featured_media":0,"menu_order":0,"comment_status":"open","ping_status":"closed","template":"","meta":{"_et_pb_use_builder":"","_et_pb_old_content":"","_et_gb_content_width":"","episode_type":"audio","audio_file":"https:\/\/mentealcuadrado.com\/wp-content\/uploads\/2024\/10\/Conversaciones-Necesarias_-El-Abuso-en-Ninos-con-Daniela-de-la-Pena-Episodio-15.mp3","podmotor_file_id":"","podmotor_episode_id":"","cover_image":"","cover_image_id":"","duration":"28:28","filesize":"26.06M","filesize_raw":"27330048","date_recorded":"2024-10-11 03:41:23","explicit":"","block":"","itunes_episode_number":"7","itunes_title":"Conversaciones Necesarias: El Abuso en Ni\u00f1os con Daniela Ortiz de la Pe\u00f1a","itunes_season_number":"2","itunes_episode_type":"full"},"tags":[28,29,18],"series":[14],"class_list":["post-2369","podcast","type-podcast","status-publish","hentry","tag-educacion-infantil","tag-mente","tag-podcast","series-mente-al-cuadrado"],"episode_featured_image":false,"episode_player_image":"https:\/\/mentealcuadrado.com\/wp-content\/uploads\/2026\/08\/portada-podcast.jpg","download_link":"https:\/\/mentealcuadrado.com\/podcast-download\/2369\/conversaciones-necesarias-el-abuso-en-ninos-con-daniela-ortiz-de-la-pena","player_link":"https:\/\/mentealcuadrado.com\/podcast-player\/2369\/conversaciones-necesarias-el-abuso-en-ninos-con-daniela-ortiz-de-la-pena","audio_player":"<a class=\"wp-embedded-audio\" href=\"https:\/\/mentealcuadrado.com\/podcast-player\/2369\/conversaciones-necesarias-el-abuso-en-ninos-con-daniela-ortiz-de-la-pena\">https:\/\/mentealcuadrado.com\/podcast-player\/2369\/conversaciones-necesarias-el-abuso-en-ninos-con-daniela-ortiz-de-la-pena<\/a>","episode_data":{"playerMode":"dark","subscribeUrls":{"apple_podcasts":{"key":"apple_podcasts","url":"","label":"Apple Podcasts","class":"apple_podcasts","icon":"apple-podcasts.png"},"stitcher":{"key":"stitcher","url":"","label":"Stitcher","class":"stitcher","icon":"stitcher.png"},"google_podcasts":{"key":"google_podcasts","url":"","label":"Google Podcasts","class":"google_podcasts","icon":"google-podcasts.png"},"spotify":{"key":"spotify","url":"","label":"Spotify","class":"spotify","icon":"spotify.png"}},"rssFeedUrl":"https:\/\/mentealcuadrado.com\/feed\/podcast\/mente-al-cuadrado","embedCode":"<blockquote class=\"wp-embedded-content\" data-secret=\"zuUKo6GTkR\"><a href=\"https:\/\/mentealcuadrado.com\/index.php\/podcast\/conversaciones-necesarias-el-abuso-en-ninos-con-daniela-ortiz-de-la-pena\/\">Conversaciones Necesarias: El Abuso en Ni\u00f1os con Daniela Ortiz de la Pe\u00f1a<\/a><\/blockquote><iframe sandbox=\"allow-scripts\" security=\"restricted\" src=\"https:\/\/mentealcuadrado.com\/index.php\/podcast\/conversaciones-necesarias-el-abuso-en-ninos-con-daniela-ortiz-de-la-pena\/embed\/#?secret=zuUKo6GTkR\" width=\"500\" height=\"350\" title=\"\u00abConversaciones Necesarias: El Abuso en Ni\u00f1os con Daniela Ortiz de la Pe\u00f1a\u00bb \u2014 Mente al Cuadrado\" data-secret=\"zuUKo6GTkR\" frameborder=\"0\" marginwidth=\"0\" marginheight=\"0\" scrolling=\"no\" class=\"wp-embedded-content\"><\/iframe><script>\n\/*! This file is auto-generated *\/\n!function(d,l){\"use strict\";l.querySelector&&d.addEventListener&&\"undefined\"!=typeof URL&&(d.wp=d.wp||{},d.wp.receiveEmbedMessage||(d.wp.receiveEmbedMessage=function(e){var t=e.data;if((t||t.secret||t.message||t.value)&&!\/[^a-zA-Z0-9]\/.test(t.secret)){for(var s,r,n,a=l.querySelectorAll('iframe[data-secret=\"'+t.secret+'\"]'),o=l.querySelectorAll('blockquote[data-secret=\"'+t.secret+'\"]'),c=new RegExp(\"^https?:$\",\"i\"),i=0;i<o.length;i++)o[i].style.display=\"none\";for(i=0;i<a.length;i++)s=a[i],e.source===s.contentWindow&&(s.removeAttribute(\"style\"),\"height\"===t.message?(1e3<(r=parseInt(t.value,10))?r=1e3:~~r<200&&(r=200),s.height=r):\"link\"===t.message&&(r=new URL(s.getAttribute(\"src\")),n=new URL(t.value),c.test(n.protocol))&&n.host===r.host&&l.activeElement===s&&(d.top.location.href=t.value))}},d.addEventListener(\"message\",d.wp.receiveEmbedMessage,!1),l.addEventListener(\"DOMContentLoaded\",function(){for(var e,t,s=l.querySelectorAll(\"iframe.wp-embedded-content\"),r=0;r<s.length;r++)(t=(e=s[r]).getAttribute(\"data-secret\"))||(t=Math.random().toString(36).substring(2,12),e.src+=\"#?secret=\"+t,e.setAttribute(\"data-secret\",t)),e.contentWindow.postMessage({message:\"ready\",secret:t},\"*\")},!1)))}(window,document);\n\/\/# sourceURL=https:\/\/mentealcuadrado.com\/wp-includes\/js\/wp-embed.min.js\n<\/script>\n"},"_links":{"self":[{"href":"https:\/\/mentealcuadrado.com\/index.php\/wp-json\/wp\/v2\/podcast\/2369","targetHints":{"allow":["GET"]}}],"collection":[{"href":"https:\/\/mentealcuadrado.com\/index.php\/wp-json\/wp\/v2\/podcast"}],"about":[{"href":"https:\/\/mentealcuadrado.com\/index.php\/wp-json\/wp\/v2\/types\/podcast"}],"author":[{"embeddable":true,"href":"https:\/\/mentealcuadrado.com\/index.php\/wp-json\/wp\/v2\/users\/5"}],"replies":[{"embeddable":true,"href":"https:\/\/mentealcuadrado.com\/index.php\/wp-json\/wp\/v2\/comments?post=2369"}],"wp:attachment":[{"href":"https:\/\/mentealcuadrado.com\/index.php\/wp-json\/wp\/v2\/media?parent=2369"}],"wp:term":[{"taxonomy":"post_tag","embeddable":true,"href":"https:\/\/mentealcuadrado.com\/index.php\/wp-json\/wp\/v2\/tags?post=2369"},{"taxonomy":"series","embeddable":true,"href":"https:\/\/mentealcuadrado.com\/index.php\/wp-json\/wp\/v2\/series?post=2369"}],"curies":[{"name":"wp","href":"https:\/\/api.w.org\/{rel}","templated":true}]}}

Conversaciones Necesarias: El Abuso en Niños con Daniela Ortiz de la Peña

<p>En este episodio de Mente al Cuadrado, el Dr. Edilberto Peña conversa con Daniela Ortiz de la Peña del proyecto Corazonada, psicoterapeuta especialista en sexualidad infantil, sobre un tema crucial: cómo prevenir y detectar el abuso en niños. Juntos abordan la importancia de educarnos como padres para poder acompañar a nuestros hijos en su desarrollo, creando espacios seguros y de confianza. Un diálogo profundo y necesario para proteger a los niños y niñas, ¡no te pierdas este episodio! #AbusoInfantil #Prevención #CrianzaConsciente #SexualidadInfantil #Protección #Podcast #EducaciónParaPadres #MenteAlCuadrado #grooming #PodcastEducativo #M2</p>

<p>En este episodio de Mente al Cuadrado, el Dr. Edilberto Peña conversa con Daniela Ortiz de la Peña del proyecto Corazonada, psicoterapeuta especialista en sexualidad infantil, sobre un tema crucial: cómo prevenir y detectar el abuso en niños. Juntos abordan la importancia de educarnos como padres para poder acompañar a nuestros hijos en su desarrollo, [&hellip;]</p>

<blockquote class="wp-embedded-content" data-secret="zuUKo6GTkR"><a href="https://mentealcuadrado.com/index.php/podcast/conversaciones-necesarias-el-abuso-en-ninos-con-daniela-ortiz-de-la-pena/">Conversaciones Necesarias: El Abuso en Niños con Daniela Ortiz de la Peña</a></blockquote><iframe sandbox="allow-scripts" security="restricted" src="https://mentealcuadrado.com/index.php/podcast/conversaciones-necesarias-el-abuso-en-ninos-con-daniela-ortiz-de-la-pena/embed/#?secret=zuUKo6GTkR" width="500" height="350" title="«Conversaciones Necesarias: El Abuso en Niños con Daniela Ortiz de la Peña» — Mente al Cuadrado" data-secret="zuUKo6GTkR" frameborder="0" marginwidth="0" marginheight="0" scrolling="no" class="wp-embedded-content"></iframe><script>
/*! This file is auto-generated */
!function(d,l){"use strict";l.querySelector&&d.addEventListener&&"undefined"!=typeof URL&&(d.wp=d.wp||{},d.wp.receiveEmbedMessage||(d.wp.receiveEmbedMessage=function(e){var t=e.data;if((t||t.secret||t.message||t.value)&&!/[^a-zA-Z0-9]/.test(t.secret)){for(var s,r,n,a=l.querySelectorAll('iframe[data-secret="'+t.secret+'"]'),o=l.querySelectorAll('blockquote[data-secret="'+t.secret+'"]'),c=new RegExp("^https?:$","i"),i=0;i<o.length;i++)o[i].style.display="none";for(i=0;i<a.length;i++)s=a[i],e.source===s.contentWindow&&(s.removeAttribute("style"),"height"===t.message?(1e3<(r=parseInt(t.value,10))?r=1e3:~~r<200&&(r=200),s.height=r):"link"===t.message&&(r=new URL(s.getAttribute("src")),n=new URL(t.value),c.test(n.protocol))&&n.host===r.host&&l.activeElement===s&&(d.top.location.href=t.value))}},d.addEventListener("message",d.wp.receiveEmbedMessage,!1),l.addEventListener("DOMContentLoaded",function(){for(var e,t,s=l.querySelectorAll("iframe.wp-embedded-content"),r=0;r<s.length;r++)(t=(e=s[r]).getAttribute("data-secret"))||(t=Math.random().toString(36).substring(2,12),e.src+="#?secret="+t,e.setAttribute("data-secret",t)),e.contentWindow.postMessage({message:"ready",secret:t},"*")},!1)))}(window,document);
//# sourceURL=https://mentealcuadrado.com/wp-includes/js/wp-embed.min.js
</script>
