{"id":2365,"date":"2024-09-26T21:50:57","date_gmt":"2024-09-26T21:50:57","guid":{"rendered":"https:\/\/cisne.mx\/?post_type=podcast&amp;p=2365"},"modified":"2024-09-26T21:50:57","modified_gmt":"2024-09-26T21:50:57","slug":"rompiendo-el-silencio-asi-es-vivir-con-fibromialgia-con-gaby-llantada","status":"publish","type":"podcast","link":"https:\/\/mentealcuadrado.com\/index.php\/podcast\/rompiendo-el-silencio-asi-es-vivir-con-fibromialgia-con-gaby-llantada\/","title":{"rendered":"Rompiendo el silencio, as\u00ed es vivir con Fibromialgia con Gaby Llantada"},"content":{"rendered":"<p>En este episodio de Mente al Cuadrado, el Dr. Edilberto Pe\u00f1a conversa con Gaby Llantada, quien comparte su experiencia personal viviendo con fibromialgia. Juntos rompen el silencio sobre esta enfermedad cr\u00f3nica, explorando los desaf\u00edos f\u00edsicos y emocionales que implica, y c\u00f3mo Gaby ha enfrentado su lucha diaria. \u00a1No te pierdas esta valiente historia de resiliencia!<\/p>\n<p>#Fibromialgia #SaludMental #Resiliencia #ViviendoConFibromialgia #MenteAlCuadrado #CrecimientoPersonal #SaludEmocional #PodcastEducativo #foryou #parati<\/p>\n","protected":false},"excerpt":{"rendered":"<p>En este episodio de Mente al Cuadrado, el Dr. Edilberto Pe\u00f1a conversa con Gaby Llantada, quien comparte su experiencia personal viviendo con fibromialgia. Juntos rompen el silencio sobre esta enfermedad cr\u00f3nica, explorando los desaf\u00edos f\u00edsicos y emocionales que implica, y c\u00f3mo Gaby ha enfrentado su lucha diaria. \u00a1No te pierdas esta valiente historia de resiliencia! [&hellip;]<\/p>\n","protected":false},"author":5,"featured_media":0,"menu_order":0,"comment_status":"open","ping_status":"closed","template":"","meta":{"_et_pb_use_builder":"","_et_pb_old_content":"","_et_gb_content_width":"","episode_type":"audio","audio_file":"https:\/\/mentealcuadrado.com\/wp-content\/uploads\/2024\/09\/Gaby-Llantada-Completo.mp3","podmotor_file_id":"","podmotor_episode_id":"","cover_image":"https:\/\/mentealcuadrado.com\/wp-content\/uploads\/2024\/09\/M2-1000x1000-Gaby-Llantada-SET.png","cover_image_id":"3002","duration":"29:06","filesize":"26.64M","filesize_raw":"27937673","date_recorded":"2024-09-26 21:50:57","explicit":"","block":"","itunes_episode_number":"6","itunes_title":"Rompiendo el silencio, as\u00ed es vivir con Fibromialgia con Gaby Llantada","itunes_season_number":"2","itunes_episode_type":"full"},"tags":[27,18,7],"series":[14],"class_list":["post-2365","podcast","type-podcast","status-publish","hentry","tag-fibromialgia","tag-podcast","tag-salud-mental","series-mente-al-cuadrado"],"episode_featured_image":false,"episode_player_image":"https:\/\/mentealcuadrado.com\/wp-content\/uploads\/2024\/09\/M2-1000x1000-Gaby-Llantada-SET.png","download_link":"https:\/\/mentealcuadrado.com\/podcast-download\/2365\/rompiendo-el-silencio-asi-es-vivir-con-fibromialgia-con-gaby-llantada","player_link":"https:\/\/mentealcuadrado.com\/podcast-player\/2365\/rompiendo-el-silencio-asi-es-vivir-con-fibromialgia-con-gaby-llantada","audio_player":"<a class=\"wp-embedded-audio\" href=\"https:\/\/mentealcuadrado.com\/podcast-player\/2365\/rompiendo-el-silencio-asi-es-vivir-con-fibromialgia-con-gaby-llantada\">https:\/\/mentealcuadrado.com\/podcast-player\/2365\/rompiendo-el-silencio-asi-es-vivir-con-fibromialgia-con-gaby-llantada<\/a>","episode_data":{"playerMode":"dark","subscribeUrls":{"apple_podcasts":{"key":"apple_podcasts","url":"","label":"Apple Podcasts","class":"apple_podcasts","icon":"apple-podcasts.png"},"stitcher":{"key":"stitcher","url":"","label":"Stitcher","class":"stitcher","icon":"stitcher.png"},"google_podcasts":{"key":"google_podcasts","url":"","label":"Google Podcasts","class":"google_podcasts","icon":"google-podcasts.png"},"spotify":{"key":"spotify","url":"","label":"Spotify","class":"spotify","icon":"spotify.png"}},"rssFeedUrl":"https:\/\/mentealcuadrado.com\/feed\/podcast\/mente-al-cuadrado","embedCode":"<blockquote class=\"wp-embedded-content\" data-secret=\"7vRb5LW9uo\"><a href=\"https:\/\/mentealcuadrado.com\/index.php\/podcast\/rompiendo-el-silencio-asi-es-vivir-con-fibromialgia-con-gaby-llantada\/\">Rompiendo el silencio, as\u00ed es vivir con Fibromialgia con Gaby Llantada<\/a><\/blockquote><iframe sandbox=\"allow-scripts\" security=\"restricted\" src=\"https:\/\/mentealcuadrado.com\/index.php\/podcast\/rompiendo-el-silencio-asi-es-vivir-con-fibromialgia-con-gaby-llantada\/embed\/#?secret=7vRb5LW9uo\" width=\"500\" height=\"350\" title=\"\u00abRompiendo el silencio, as\u00ed es vivir con Fibromialgia con Gaby Llantada\u00bb \u2014 Mente al Cuadrado\" data-secret=\"7vRb5LW9uo\" frameborder=\"0\" marginwidth=\"0\" marginheight=\"0\" scrolling=\"no\" class=\"wp-embedded-content\"><\/iframe><script>\n\/*! This file is auto-generated *\/\n!function(d,l){\"use strict\";l.querySelector&&d.addEventListener&&\"undefined\"!=typeof URL&&(d.wp=d.wp||{},d.wp.receiveEmbedMessage||(d.wp.receiveEmbedMessage=function(e){var t=e.data;if((t||t.secret||t.message||t.value)&&!\/[^a-zA-Z0-9]\/.test(t.secret)){for(var s,r,n,a=l.querySelectorAll('iframe[data-secret=\"'+t.secret+'\"]'),o=l.querySelectorAll('blockquote[data-secret=\"'+t.secret+'\"]'),c=new RegExp(\"^https?:$\",\"i\"),i=0;i<o.length;i++)o[i].style.display=\"none\";for(i=0;i<a.length;i++)s=a[i],e.source===s.contentWindow&&(s.removeAttribute(\"style\"),\"height\"===t.message?(1e3<(r=parseInt(t.value,10))?r=1e3:~~r<200&&(r=200),s.height=r):\"link\"===t.message&&(r=new URL(s.getAttribute(\"src\")),n=new URL(t.value),c.test(n.protocol))&&n.host===r.host&&l.activeElement===s&&(d.top.location.href=t.value))}},d.addEventListener(\"message\",d.wp.receiveEmbedMessage,!1),l.addEventListener(\"DOMContentLoaded\",function(){for(var e,t,s=l.querySelectorAll(\"iframe.wp-embedded-content\"),r=0;r<s.length;r++)(t=(e=s[r]).getAttribute(\"data-secret\"))||(t=Math.random().toString(36).substring(2,12),e.src+=\"#?secret=\"+t,e.setAttribute(\"data-secret\",t)),e.contentWindow.postMessage({message:\"ready\",secret:t},\"*\")},!1)))}(window,document);\n\/\/# sourceURL=https:\/\/mentealcuadrado.com\/wp-includes\/js\/wp-embed.min.js\n<\/script>\n"},"_links":{"self":[{"href":"https:\/\/mentealcuadrado.com\/index.php\/wp-json\/wp\/v2\/podcast\/2365","targetHints":{"allow":["GET"]}}],"collection":[{"href":"https:\/\/mentealcuadrado.com\/index.php\/wp-json\/wp\/v2\/podcast"}],"about":[{"href":"https:\/\/mentealcuadrado.com\/index.php\/wp-json\/wp\/v2\/types\/podcast"}],"author":[{"embeddable":true,"href":"https:\/\/mentealcuadrado.com\/index.php\/wp-json\/wp\/v2\/users\/5"}],"replies":[{"embeddable":true,"href":"https:\/\/mentealcuadrado.com\/index.php\/wp-json\/wp\/v2\/comments?post=2365"}],"wp:attachment":[{"href":"https:\/\/mentealcuadrado.com\/index.php\/wp-json\/wp\/v2\/media?parent=2365"}],"wp:term":[{"taxonomy":"post_tag","embeddable":true,"href":"https:\/\/mentealcuadrado.com\/index.php\/wp-json\/wp\/v2\/tags?post=2365"},{"taxonomy":"series","embeddable":true,"href":"https:\/\/mentealcuadrado.com\/index.php\/wp-json\/wp\/v2\/series?post=2365"}],"curies":[{"name":"wp","href":"https:\/\/api.w.org\/{rel}","templated":true}]}}

Rompiendo el silencio, así es vivir con Fibromialgia con Gaby Llantada

<p>En este episodio de Mente al Cuadrado, el Dr. Edilberto Peña conversa con Gaby Llantada, quien comparte su experiencia personal viviendo con fibromialgia. Juntos rompen el silencio sobre esta enfermedad crónica, explorando los desafíos físicos y emocionales que implica, y cómo Gaby ha enfrentado su lucha diaria. ¡No te pierdas esta valiente historia de resiliencia!</p>
<p>#Fibromialgia #SaludMental #Resiliencia #ViviendoConFibromialgia #MenteAlCuadrado #CrecimientoPersonal #SaludEmocional #PodcastEducativo #foryou #parati</p>

<p>En este episodio de Mente al Cuadrado, el Dr. Edilberto Peña conversa con Gaby Llantada, quien comparte su experiencia personal viviendo con fibromialgia. Juntos rompen el silencio sobre esta enfermedad crónica, explorando los desafíos físicos y emocionales que implica, y cómo Gaby ha enfrentado su lucha diaria. ¡No te pierdas esta valiente historia de resiliencia! [&hellip;]</p>

<blockquote class="wp-embedded-content" data-secret="7vRb5LW9uo"><a href="https://mentealcuadrado.com/index.php/podcast/rompiendo-el-silencio-asi-es-vivir-con-fibromialgia-con-gaby-llantada/">Rompiendo el silencio, así es vivir con Fibromialgia con Gaby Llantada</a></blockquote><iframe sandbox="allow-scripts" security="restricted" src="https://mentealcuadrado.com/index.php/podcast/rompiendo-el-silencio-asi-es-vivir-con-fibromialgia-con-gaby-llantada/embed/#?secret=7vRb5LW9uo" width="500" height="350" title="«Rompiendo el silencio, así es vivir con Fibromialgia con Gaby Llantada» — Mente al Cuadrado" data-secret="7vRb5LW9uo" frameborder="0" marginwidth="0" marginheight="0" scrolling="no" class="wp-embedded-content"></iframe><script>
/*! This file is auto-generated */
!function(d,l){"use strict";l.querySelector&&d.addEventListener&&"undefined"!=typeof URL&&(d.wp=d.wp||{},d.wp.receiveEmbedMessage||(d.wp.receiveEmbedMessage=function(e){var t=e.data;if((t||t.secret||t.message||t.value)&&!/[^a-zA-Z0-9]/.test(t.secret)){for(var s,r,n,a=l.querySelectorAll('iframe[data-secret="'+t.secret+'"]'),o=l.querySelectorAll('blockquote[data-secret="'+t.secret+'"]'),c=new RegExp("^https?:$","i"),i=0;i<o.length;i++)o[i].style.display="none";for(i=0;i<a.length;i++)s=a[i],e.source===s.contentWindow&&(s.removeAttribute("style"),"height"===t.message?(1e3<(r=parseInt(t.value,10))?r=1e3:~~r<200&&(r=200),s.height=r):"link"===t.message&&(r=new URL(s.getAttribute("src")),n=new URL(t.value),c.test(n.protocol))&&n.host===r.host&&l.activeElement===s&&(d.top.location.href=t.value))}},d.addEventListener("message",d.wp.receiveEmbedMessage,!1),l.addEventListener("DOMContentLoaded",function(){for(var e,t,s=l.querySelectorAll("iframe.wp-embedded-content"),r=0;r<s.length;r++)(t=(e=s[r]).getAttribute("data-secret"))||(t=Math.random().toString(36).substring(2,12),e.src+="#?secret="+t,e.setAttribute("data-secret",t)),e.contentWindow.postMessage({message:"ready",secret:t},"*")},!1)))}(window,document);
//# sourceURL=https://mentealcuadrado.com/wp-includes/js/wp-embed.min.js
</script>
