{"id":2329,"date":"2024-07-18T19:05:31","date_gmt":"2024-07-18T19:05:31","guid":{"rendered":"https:\/\/cisne.mx\/?post_type=podcast&amp;p=2329"},"modified":"2024-07-18T19:05:31","modified_gmt":"2024-07-18T19:05:31","slug":"mi-lucha-contra-la-depresion-y-la-ansiedad-con-valeria-villanueva","status":"publish","type":"podcast","link":"https:\/\/mentealcuadrado.com\/index.php\/podcast\/mi-lucha-contra-la-depresion-y-la-ansiedad-con-valeria-villanueva\/","title":{"rendered":"Mi Lucha Contra la Depresi\u00f3n y la Ansiedad con Valeria Villanueva"},"content":{"rendered":"<p><span data-slate-fragment=\"JTVCJTdCJTIydHlwZSUyMiUzQSUyMnBhcmFncmFwaCUyMiUyQyUyMmNoaWxkcmVuJTIyJTNBJTVCJTdCJTIydGV4dCUyMiUzQSUyMkVuJTIwTWVudGUlMjBhbCUyMEN1YWRyYWRvJTJDJTIwY29udmVyc2Ftb3MlMjBjb24lMjBWYWxlcmlhJTIwVmlsbGFudWV2YSUyQyUyME1pc3MlMjBNJUMzJUE5eGljbyUyQyUyMGFjdHJpeiUyMHklMjBtb2RlbG8lMjBwcm9mZXNpb25hbCUyQyUyMHNvYnJlJTIwc3UlMjBsdWNoYSUyMGNvbnRyYSUyMGxhJTIwZGVwcmVzaSVDMyVCM24lMjB5JTIwbGElMjBhbnNpZWRhZC4lMjBWYWxlcmlhJTIwbm9zJTIwY29tcGFydGUlMjBzdSUyMGV4cGVyaWVuY2lhJTIwcGVyc29uYWwlMkMlMjBkZXNkZSUyMGMlQzMlQjNtbyUyMGRlc2N1YnJpJUMzJUIzJTIwZXN0b3MlMjBkZXNhZiVDMyVBRG9zJTIwaGFzdGElMjBjJUMzJUIzbW8lMjBsb3MlMjBoYSUyMGVuZnJlbnRhZG8uJTIwQWRlbSVDMyVBMXMlMkMlMjBub3MlMjBoYWJsYSUyMGRlJTIwc3UlMjBwcm95ZWN0byUyMCU1QyUyMkVuJTIwY2FzbyUyMGRlJTIwZW1lcmdlbmNpYSUyMHJvbXBlJTIwZWwlMjBjcmlzdGFsJTVDJTIyJTJDJTIwdW5hJTIwaW5pY2lhdGl2YSUyMGRlZGljYWRhJTIwYSUyMGNyZWFyJTIwY29uY2llbmNpYSUyMHNvYnJlJTIwbGElMjBzYWx1ZCUyMG1lbnRhbCUyMHklMjBwcm9wb3JjaW9uYXIlMjByZWN1cnNvcyUyMHBhcmElMjBxdWllbmVzJTIwbG8lMjBuZWNlc2l0YW4uJTIwJUMyJUJGVGUlMjBoYXMlMjBwcmVndW50YWRvJTIwYyVDMyVCM21vJTIwZXMlMjB2aXZpciUyMGNvbiUyMGFuc2llZGFkJTIweSUyMGRlcHJlc2klQzMlQjNuJTIweSUyMGMlQzMlQjNtbyUyMHBvZGVtb3MlMjBnZW5lcmFyJTIwY29uY2llbmNpYSUyMHNvYnJlJTIwZXN0b3MlMjB0ZW1hcyUzRiUyMCVDMiVBMUVzY3VjaGElMjBlc3RlJTIwaW5zcGlyYWRvciUyMGVwaXNvZGlvISUyMiU3RCU1RCU3RCU1RA==\">En Mente al Cuadrado, conversamos con Valeria Villanueva, Miss M\u00e9xico, actriz y modelo profesional, sobre su lucha contra la depresi\u00f3n y la ansiedad. Valeria nos comparte su experiencia personal, desde c\u00f3mo descubri\u00f3 estos desaf\u00edos hasta c\u00f3mo los ha enfrentado. Adem\u00e1s, nos habla de su proyecto \u00abEn caso de emergencia rompe el cristal\u00bb, una iniciativa dedicada a crear conciencia sobre la salud mental y proporcionar recursos para quienes lo necesitan. \u00bfTe has preguntado c\u00f3mo es vivir con ansiedad y depresi\u00f3n y c\u00f3mo podemos generar conciencia sobre estos temas? \u00a1Escucha este inspirador episodio!<\/span><\/p>\n","protected":false},"excerpt":{"rendered":"<p>En Mente al Cuadrado, conversamos con Valeria Villanueva, Miss M\u00e9xico, actriz y modelo profesional, sobre su lucha contra la depresi\u00f3n y la ansiedad. Valeria nos comparte su experiencia personal, desde c\u00f3mo descubri\u00f3 estos desaf\u00edos hasta c\u00f3mo los ha enfrentado. Adem\u00e1s, nos habla de su proyecto \u00abEn caso de emergencia rompe el cristal\u00bb, una iniciativa dedicada [&hellip;]<\/p>\n","protected":false},"author":5,"featured_media":0,"menu_order":0,"comment_status":"open","ping_status":"closed","template":"","meta":{"_et_pb_use_builder":"","_et_pb_old_content":"","_et_gb_content_width":"","episode_type":"audio","audio_file":"https:\/\/mentealcuadrado.com\/wp-content\/uploads\/2024\/07\/P8-Miss-M2.mp3","podmotor_file_id":"","podmotor_episode_id":"","cover_image":"https:\/\/mentealcuadrado.com\/wp-content\/uploads\/2024\/07\/Portada-amarilla-Invitados-ValeriaVillanueva-18jul.png","cover_image_id":"2330","duration":"23:41","filesize":"32.57M","filesize_raw":"34156422","date_recorded":"2024-07-18 19:05:31","explicit":"","block":"","itunes_episode_number":"1","itunes_title":"Mi Lucha Contra la Depresi\u00f3n y la Ansiedad con Valeria Villanueva","itunes_season_number":"2","itunes_episode_type":"full"},"tags":[20,21,22,7],"series":[14],"class_list":["post-2329","podcast","type-podcast","status-publish","hentry","tag-ansiedad","tag-depresion","tag-miss-mexico","tag-salud-mental","series-mente-al-cuadrado"],"episode_featured_image":false,"episode_player_image":"https:\/\/mentealcuadrado.com\/wp-content\/uploads\/2024\/07\/Portada-amarilla-Invitados-ValeriaVillanueva-18jul.png","download_link":"https:\/\/mentealcuadrado.com\/podcast-download\/2329\/mi-lucha-contra-la-depresion-y-la-ansiedad-con-valeria-villanueva","player_link":"https:\/\/mentealcuadrado.com\/podcast-player\/2329\/mi-lucha-contra-la-depresion-y-la-ansiedad-con-valeria-villanueva","audio_player":"<a class=\"wp-embedded-audio\" href=\"https:\/\/mentealcuadrado.com\/podcast-player\/2329\/mi-lucha-contra-la-depresion-y-la-ansiedad-con-valeria-villanueva\">https:\/\/mentealcuadrado.com\/podcast-player\/2329\/mi-lucha-contra-la-depresion-y-la-ansiedad-con-valeria-villanueva<\/a>","episode_data":{"playerMode":"dark","subscribeUrls":{"apple_podcasts":{"key":"apple_podcasts","url":"","label":"Apple Podcasts","class":"apple_podcasts","icon":"apple-podcasts.png"},"stitcher":{"key":"stitcher","url":"","label":"Stitcher","class":"stitcher","icon":"stitcher.png"},"google_podcasts":{"key":"google_podcasts","url":"","label":"Google Podcasts","class":"google_podcasts","icon":"google-podcasts.png"},"spotify":{"key":"spotify","url":"","label":"Spotify","class":"spotify","icon":"spotify.png"}},"rssFeedUrl":"https:\/\/mentealcuadrado.com\/feed\/podcast\/mente-al-cuadrado","embedCode":"<blockquote class=\"wp-embedded-content\" data-secret=\"Ex5AcF7RFR\"><a href=\"https:\/\/mentealcuadrado.com\/index.php\/podcast\/mi-lucha-contra-la-depresion-y-la-ansiedad-con-valeria-villanueva\/\">Mi Lucha Contra la Depresi\u00f3n y la Ansiedad con Valeria Villanueva<\/a><\/blockquote><iframe sandbox=\"allow-scripts\" security=\"restricted\" src=\"https:\/\/mentealcuadrado.com\/index.php\/podcast\/mi-lucha-contra-la-depresion-y-la-ansiedad-con-valeria-villanueva\/embed\/#?secret=Ex5AcF7RFR\" width=\"500\" height=\"350\" title=\"\u00abMi Lucha Contra la Depresi\u00f3n y la Ansiedad con Valeria Villanueva\u00bb \u2014 Mente al Cuadrado\" data-secret=\"Ex5AcF7RFR\" frameborder=\"0\" marginwidth=\"0\" marginheight=\"0\" scrolling=\"no\" class=\"wp-embedded-content\"><\/iframe><script>\n\/*! This file is auto-generated *\/\n!function(d,l){\"use strict\";l.querySelector&&d.addEventListener&&\"undefined\"!=typeof URL&&(d.wp=d.wp||{},d.wp.receiveEmbedMessage||(d.wp.receiveEmbedMessage=function(e){var t=e.data;if((t||t.secret||t.message||t.value)&&!\/[^a-zA-Z0-9]\/.test(t.secret)){for(var s,r,n,a=l.querySelectorAll('iframe[data-secret=\"'+t.secret+'\"]'),o=l.querySelectorAll('blockquote[data-secret=\"'+t.secret+'\"]'),c=new RegExp(\"^https?:$\",\"i\"),i=0;i<o.length;i++)o[i].style.display=\"none\";for(i=0;i<a.length;i++)s=a[i],e.source===s.contentWindow&&(s.removeAttribute(\"style\"),\"height\"===t.message?(1e3<(r=parseInt(t.value,10))?r=1e3:~~r<200&&(r=200),s.height=r):\"link\"===t.message&&(r=new URL(s.getAttribute(\"src\")),n=new URL(t.value),c.test(n.protocol))&&n.host===r.host&&l.activeElement===s&&(d.top.location.href=t.value))}},d.addEventListener(\"message\",d.wp.receiveEmbedMessage,!1),l.addEventListener(\"DOMContentLoaded\",function(){for(var e,t,s=l.querySelectorAll(\"iframe.wp-embedded-content\"),r=0;r<s.length;r++)(t=(e=s[r]).getAttribute(\"data-secret\"))||(t=Math.random().toString(36).substring(2,12),e.src+=\"#?secret=\"+t,e.setAttribute(\"data-secret\",t)),e.contentWindow.postMessage({message:\"ready\",secret:t},\"*\")},!1)))}(window,document);\n\/\/# sourceURL=https:\/\/mentealcuadrado.com\/wp-includes\/js\/wp-embed.min.js\n<\/script>\n"},"_links":{"self":[{"href":"https:\/\/mentealcuadrado.com\/index.php\/wp-json\/wp\/v2\/podcast\/2329","targetHints":{"allow":["GET"]}}],"collection":[{"href":"https:\/\/mentealcuadrado.com\/index.php\/wp-json\/wp\/v2\/podcast"}],"about":[{"href":"https:\/\/mentealcuadrado.com\/index.php\/wp-json\/wp\/v2\/types\/podcast"}],"author":[{"embeddable":true,"href":"https:\/\/mentealcuadrado.com\/index.php\/wp-json\/wp\/v2\/users\/5"}],"replies":[{"embeddable":true,"href":"https:\/\/mentealcuadrado.com\/index.php\/wp-json\/wp\/v2\/comments?post=2329"}],"wp:attachment":[{"href":"https:\/\/mentealcuadrado.com\/index.php\/wp-json\/wp\/v2\/media?parent=2329"}],"wp:term":[{"taxonomy":"post_tag","embeddable":true,"href":"https:\/\/mentealcuadrado.com\/index.php\/wp-json\/wp\/v2\/tags?post=2329"},{"taxonomy":"series","embeddable":true,"href":"https:\/\/mentealcuadrado.com\/index.php\/wp-json\/wp\/v2\/series?post=2329"}],"curies":[{"name":"wp","href":"https:\/\/api.w.org\/{rel}","templated":true}]}}

Mi Lucha Contra la Depresión y la Ansiedad con Valeria Villanueva

<p><span data-slate-fragment="JTVCJTdCJTIydHlwZSUyMiUzQSUyMnBhcmFncmFwaCUyMiUyQyUyMmNoaWxkcmVuJTIyJTNBJTVCJTdCJTIydGV4dCUyMiUzQSUyMkVuJTIwTWVudGUlMjBhbCUyMEN1YWRyYWRvJTJDJTIwY29udmVyc2Ftb3MlMjBjb24lMjBWYWxlcmlhJTIwVmlsbGFudWV2YSUyQyUyME1pc3MlMjBNJUMzJUE5eGljbyUyQyUyMGFjdHJpeiUyMHklMjBtb2RlbG8lMjBwcm9mZXNpb25hbCUyQyUyMHNvYnJlJTIwc3UlMjBsdWNoYSUyMGNvbnRyYSUyMGxhJTIwZGVwcmVzaSVDMyVCM24lMjB5JTIwbGElMjBhbnNpZWRhZC4lMjBWYWxlcmlhJTIwbm9zJTIwY29tcGFydGUlMjBzdSUyMGV4cGVyaWVuY2lhJTIwcGVyc29uYWwlMkMlMjBkZXNkZSUyMGMlQzMlQjNtbyUyMGRlc2N1YnJpJUMzJUIzJTIwZXN0b3MlMjBkZXNhZiVDMyVBRG9zJTIwaGFzdGElMjBjJUMzJUIzbW8lMjBsb3MlMjBoYSUyMGVuZnJlbnRhZG8uJTIwQWRlbSVDMyVBMXMlMkMlMjBub3MlMjBoYWJsYSUyMGRlJTIwc3UlMjBwcm95ZWN0byUyMCU1QyUyMkVuJTIwY2FzbyUyMGRlJTIwZW1lcmdlbmNpYSUyMHJvbXBlJTIwZWwlMjBjcmlzdGFsJTVDJTIyJTJDJTIwdW5hJTIwaW5pY2lhdGl2YSUyMGRlZGljYWRhJTIwYSUyMGNyZWFyJTIwY29uY2llbmNpYSUyMHNvYnJlJTIwbGElMjBzYWx1ZCUyMG1lbnRhbCUyMHklMjBwcm9wb3JjaW9uYXIlMjByZWN1cnNvcyUyMHBhcmElMjBxdWllbmVzJTIwbG8lMjBuZWNlc2l0YW4uJTIwJUMyJUJGVGUlMjBoYXMlMjBwcmVndW50YWRvJTIwYyVDMyVCM21vJTIwZXMlMjB2aXZpciUyMGNvbiUyMGFuc2llZGFkJTIweSUyMGRlcHJlc2klQzMlQjNuJTIweSUyMGMlQzMlQjNtbyUyMHBvZGVtb3MlMjBnZW5lcmFyJTIwY29uY2llbmNpYSUyMHNvYnJlJTIwZXN0b3MlMjB0ZW1hcyUzRiUyMCVDMiVBMUVzY3VjaGElMjBlc3RlJTIwaW5zcGlyYWRvciUyMGVwaXNvZGlvISUyMiU3RCU1RCU3RCU1RA==">En Mente al Cuadrado, conversamos con Valeria Villanueva, Miss México, actriz y modelo profesional, sobre su lucha contra la depresión y la ansiedad. Valeria nos comparte su experiencia personal, desde cómo descubrió estos desafíos hasta cómo los ha enfrentado. Además, nos habla de su proyecto «En caso de emergencia rompe el cristal», una iniciativa dedicada a crear conciencia sobre la salud mental y proporcionar recursos para quienes lo necesitan. ¿Te has preguntado cómo es vivir con ansiedad y depresión y cómo podemos generar conciencia sobre estos temas? ¡Escucha este inspirador episodio!</span></p>

<p>En Mente al Cuadrado, conversamos con Valeria Villanueva, Miss México, actriz y modelo profesional, sobre su lucha contra la depresión y la ansiedad. Valeria nos comparte su experiencia personal, desde cómo descubrió estos desafíos hasta cómo los ha enfrentado. Además, nos habla de su proyecto «En caso de emergencia rompe el cristal», una iniciativa dedicada [&hellip;]</p>

<blockquote class="wp-embedded-content" data-secret="Ex5AcF7RFR"><a href="https://mentealcuadrado.com/index.php/podcast/mi-lucha-contra-la-depresion-y-la-ansiedad-con-valeria-villanueva/">Mi Lucha Contra la Depresión y la Ansiedad con Valeria Villanueva</a></blockquote><iframe sandbox="allow-scripts" security="restricted" src="https://mentealcuadrado.com/index.php/podcast/mi-lucha-contra-la-depresion-y-la-ansiedad-con-valeria-villanueva/embed/#?secret=Ex5AcF7RFR" width="500" height="350" title="«Mi Lucha Contra la Depresión y la Ansiedad con Valeria Villanueva» — Mente al Cuadrado" data-secret="Ex5AcF7RFR" frameborder="0" marginwidth="0" marginheight="0" scrolling="no" class="wp-embedded-content"></iframe><script>
/*! This file is auto-generated */
!function(d,l){"use strict";l.querySelector&&d.addEventListener&&"undefined"!=typeof URL&&(d.wp=d.wp||{},d.wp.receiveEmbedMessage||(d.wp.receiveEmbedMessage=function(e){var t=e.data;if((t||t.secret||t.message||t.value)&&!/[^a-zA-Z0-9]/.test(t.secret)){for(var s,r,n,a=l.querySelectorAll('iframe[data-secret="'+t.secret+'"]'),o=l.querySelectorAll('blockquote[data-secret="'+t.secret+'"]'),c=new RegExp("^https?:$","i"),i=0;i<o.length;i++)o[i].style.display="none";for(i=0;i<a.length;i++)s=a[i],e.source===s.contentWindow&&(s.removeAttribute("style"),"height"===t.message?(1e3<(r=parseInt(t.value,10))?r=1e3:~~r<200&&(r=200),s.height=r):"link"===t.message&&(r=new URL(s.getAttribute("src")),n=new URL(t.value),c.test(n.protocol))&&n.host===r.host&&l.activeElement===s&&(d.top.location.href=t.value))}},d.addEventListener("message",d.wp.receiveEmbedMessage,!1),l.addEventListener("DOMContentLoaded",function(){for(var e,t,s=l.querySelectorAll("iframe.wp-embedded-content"),r=0;r<s.length;r++)(t=(e=s[r]).getAttribute("data-secret"))||(t=Math.random().toString(36).substring(2,12),e.src+="#?secret="+t,e.setAttribute("data-secret",t)),e.contentWindow.postMessage({message:"ready",secret:t},"*")},!1)))}(window,document);
//# sourceURL=https://mentealcuadrado.com/wp-includes/js/wp-embed.min.js
</script>
